Last updated on 2024-05-04 09:49:50 CEST.
Flavor | Version | Tinstall | Tcheck | Ttotal | Status | Flags |
---|---|---|---|---|---|---|
r-devel-linux-x86_64-debian-clang | 0.1.1 | 19.57 | 252.68 | 272.25 | NOTE | |
r-devel-linux-x86_64-debian-gcc | 0.1.1 | 14.24 | 189.60 | 203.84 | NOTE | |
r-devel-linux-x86_64-fedora-clang | 0.1.1 | 337.60 | NOTE | |||
r-devel-linux-x86_64-fedora-gcc | 0.1.1 | 364.40 | NOTE | |||
r-devel-windows-x86_64 | 0.1.1 | 18.00 | 176.00 | 194.00 | NOTE | |
r-patched-linux-x86_64 | 0.1.1 | 19.99 | 239.79 | 259.78 | NOTE | |
r-release-linux-x86_64 | 0.1.1 | 12.31 | 241.59 | 253.90 | NOTE | |
r-release-macos-arm64 | 0.1.1 | 90.00 | NOTE | |||
r-release-windows-x86_64 | 0.1.1 | 18.00 | 179.00 | 197.00 | NOTE | |
r-oldrel-macos-arm64 | 0.1.1 | 98.00 | NOTE | |||
r-oldrel-macos-x86_64 | 0.1.1 | 161.00 | NOTE | |||
r-oldrel-windows-x86_64 | 0.1.1 | 23.00 | 242.00 | 265.00 | NOTE |
Version: 0.1.1
Check: LazyData
Result: NOTE
'LazyData' is specified without a 'data' directory
Flavors: r-devel-linux-x86_64-debian-clang, r-devel-linux-x86_64-debian-gcc, r-devel-linux-x86_64-fedora-clang, r-devel-linux-x86_64-fedora-gcc, r-devel-windows-x86_64, r-patched-linux-x86_64, r-release-linux-x86_64, r-release-macos-arm64, r-release-windows-x86_64, r-oldrel-macos-arm64, r-oldrel-macos-x86_64, r-oldrel-windows-x86_64
Version: 0.1.1
Check: dependencies in R code
Result: NOTE
Namespaces in Imports field not imported from:
‘MASS’ ‘grid’
All declared Imports should be used.
Flavors: r-devel-linux-x86_64-fedora-clang, r-devel-linux-x86_64-fedora-gcc
Version: 0.1.1
Check: Rd cross-references
Result: NOTE
Undeclared packages ‘GenOrd’, ‘PoisNor’ in Rd xrefs
Flavor: r-devel-linux-x86_64-fedora-clang