Last updated on 2024-05-04 09:49:50 CEST.
Flavor | Version | Tinstall | Tcheck | Ttotal | Status | Flags |
---|---|---|---|---|---|---|
r-devel-linux-x86_64-debian-clang | 0.1 | 9.09 | 69.46 | 78.55 | NOTE | |
r-devel-linux-x86_64-debian-gcc | 0.1 | 6.32 | 52.36 | 58.68 | NOTE | |
r-devel-linux-x86_64-fedora-clang | 0.1 | 94.62 | NOTE | |||
r-devel-linux-x86_64-fedora-gcc | 0.1 | 93.67 | NOTE | |||
r-devel-windows-x86_64 | 0.1 | 7.00 | 67.00 | 74.00 | OK | |
r-patched-linux-x86_64 | 0.1 | 8.18 | 64.95 | 73.13 | NOTE | |
r-release-linux-x86_64 | 0.1 | 7.41 | 67.59 | 75.00 | NOTE | |
r-release-macos-arm64 | 0.1 | 31.00 | OK | |||
r-release-windows-x86_64 | 0.1 | 6.00 | 68.00 | 74.00 | OK | |
r-oldrel-macos-arm64 | 0.1 | 35.00 | OK | |||
r-oldrel-macos-x86_64 | 0.1 | 50.00 | OK | |||
r-oldrel-windows-x86_64 | 0.1 | 9.00 | 82.00 | 91.00 | OK |
Version: 0.1
Check: for non-standard things in the check directory
Result: NOTE
Found the following files/directories:
‘database.csv’ ‘output.csv’ ‘output_clst.csv’
Flavors: r-devel-linux-x86_64-debian-clang, r-devel-linux-x86_64-debian-gcc, r-devel-linux-x86_64-fedora-clang, r-devel-linux-x86_64-fedora-gcc, r-patched-linux-x86_64, r-release-linux-x86_64