Last updated on 2024-05-04 13:49:20 CEST.
Flavor | Version | Tinstall | Tcheck | Ttotal | Status | Flags |
---|---|---|---|---|---|---|
r-devel-linux-x86_64-debian-clang | 9.7.0 | 30.01 | 284.54 | 314.55 | OK | |
r-devel-linux-x86_64-debian-gcc | 9.7.0 | 23.55 | 221.29 | 244.84 | OK | |
r-devel-linux-x86_64-fedora-clang | 9.7.0 | 392.74 | OK | |||
r-devel-linux-x86_64-fedora-gcc | 9.7.0 | 391.59 | OK | |||
r-devel-windows-x86_64 | 9.7.0 | 34.00 | 270.00 | 304.00 | OK | |
r-patched-linux-x86_64 | 9.7.0 | 34.62 | 272.46 | 307.08 | OK | |
r-release-linux-x86_64 | 9.7.0 | 26.17 | 265.11 | 291.28 | OK | |
r-release-macos-arm64 | 9.7.0 | 153.00 | NOTE | |||
r-release-macos-x86_64 | 9.7.0 | 358.00 | NOTE | |||
r-release-windows-x86_64 | 9.7.0 | 32.00 | 273.00 | 305.00 | OK | |
r-oldrel-macos-arm64 | 9.7.0 | 150.00 | NOTE | |||
r-oldrel-macos-x86_64 | 9.7.0 | 308.00 | NOTE | |||
r-oldrel-windows-x86_64 | 9.7.0 | 32.00 | 332.00 | 364.00 | OK |
Version: 9.7.0
Check: installed package size
Result: NOTE
installed size is 7.6Mb
sub-directories of 1Mb or more:
data 2.8Mb
doc 1.0Mb
libs 2.7Mb
Flavors: r-release-macos-arm64, r-release-macos-x86_64, r-oldrel-macos-arm64, r-oldrel-macos-x86_64