Last updated on 2024-05-04 09:49:50 CEST.
Flavor | Version | Tinstall | Tcheck | Ttotal | Status | Flags |
---|---|---|---|---|---|---|
r-devel-linux-x86_64-debian-clang | 0.1.3 | 65.58 | 41.06 | 106.64 | NOTE | |
r-devel-linux-x86_64-debian-gcc | 0.1.3 | 50.83 | 31.57 | 82.40 | NOTE | |
r-devel-linux-x86_64-fedora-clang | 0.1.3 | 168.91 | NOTE | |||
r-devel-linux-x86_64-fedora-gcc | 0.1.3 | 165.78 | NOTE | |||
r-devel-windows-x86_64 | 0.1.3 | 56.00 | 83.00 | 139.00 | NOTE | |
r-patched-linux-x86_64 | 0.1.3 | 71.96 | 41.17 | 113.13 | NOTE | |
r-release-linux-x86_64 | 0.1.3 | 65.42 | 39.91 | 105.33 | NOTE | |
r-release-macos-arm64 | 0.1.3 | 42.00 | NOTE | |||
r-release-windows-x86_64 | 0.1.3 | 54.00 | 81.00 | 135.00 | NOTE | |
r-oldrel-macos-arm64 | 0.1.3 | 53.00 | NOTE | |||
r-oldrel-macos-x86_64 | 0.1.3 | 78.00 | NOTE | |||
r-oldrel-windows-x86_64 | 0.1.3 | 65.00 | 91.00 | 156.00 | NOTE |
Version: 0.1.3
Check: C++ specification
Result: NOTE
Specified C++14: please drop specification unless essential
Flavors: r-devel-linux-x86_64-debian-clang, r-devel-linux-x86_64-debian-gcc, r-devel-linux-x86_64-fedora-clang, r-devel-linux-x86_64-fedora-gcc, r-devel-windows-x86_64, r-patched-linux-x86_64, r-release-linux-x86_64, r-release-macos-arm64, r-release-windows-x86_64, r-oldrel-macos-arm64, r-oldrel-macos-x86_64, r-oldrel-windows-x86_64