Last updated on 2024-05-04 13:49:20 CEST.
Flavor | Version | Tinstall | Tcheck | Ttotal | Status | Flags |
---|---|---|---|---|---|---|
r-devel-linux-x86_64-debian-clang | 1.0.8 | 116.63 | 35.35 | 151.98 | NOTE | |
r-devel-linux-x86_64-debian-gcc | 1.0.8 | 86.26 | 27.62 | 113.88 | NOTE | |
r-devel-linux-x86_64-fedora-clang | 1.0.8 | 210.69 | NOTE | |||
r-devel-linux-x86_64-fedora-gcc | 1.0.8 | 209.08 | NOTE | |||
r-devel-windows-x86_64 | 1.0.8 | 83.00 | 69.00 | 152.00 | NOTE | |
r-patched-linux-x86_64 | 1.0.8 | 105.13 | 34.54 | 139.67 | NOTE | |
r-release-linux-x86_64 | 1.0.8 | 105.11 | 35.28 | 140.39 | NOTE | |
r-release-macos-arm64 | 1.0.8 | 41.00 | NOTE | |||
r-release-windows-x86_64 | 1.0.8 | 82.00 | 68.00 | 150.00 | NOTE | |
r-oldrel-macos-arm64 | 1.0.8 | 54.00 | NOTE | |||
r-oldrel-macos-x86_64 | 1.0.8 | 89.00 | NOTE | |||
r-oldrel-windows-x86_64 | 1.0.8 | 80.00 | 78.00 | 158.00 | NOTE |
Version: 1.0.8
Check: C++ specification
Result: NOTE
Specified C++11: please drop specification unless essential
Flavors: r-devel-linux-x86_64-debian-clang, r-devel-linux-x86_64-debian-gcc, r-devel-linux-x86_64-fedora-clang, r-devel-linux-x86_64-fedora-gcc, r-devel-windows-x86_64, r-patched-linux-x86_64, r-release-linux-x86_64, r-release-macos-arm64, r-release-windows-x86_64, r-oldrel-macos-arm64, r-oldrel-macos-x86_64, r-oldrel-windows-x86_64
Version: 1.0.8
Check: installed package size
Result: NOTE
installed size is 5.2Mb
sub-directories of 1Mb or more:
libs 5.1Mb
Flavors: r-release-macos-arm64, r-oldrel-macos-arm64, r-oldrel-macos-x86_64