Last updated on 2024-05-04 13:49:20 CEST.
Flavor | Version | Tinstall | Tcheck | Ttotal | Status | Flags |
---|---|---|---|---|---|---|
r-devel-linux-x86_64-debian-clang | 0.3.10 | 9.63 | 196.52 | 206.15 | OK | |
r-devel-linux-x86_64-debian-gcc | 0.3.10 | 8.88 | 143.77 | 152.65 | OK | |
r-devel-linux-x86_64-fedora-clang | 0.3.10 | 257.36 | NOTE | |||
r-devel-linux-x86_64-fedora-gcc | 0.3.10 | 255.03 | NOTE | |||
r-devel-windows-x86_64 | 0.3.10 | 11.00 | 135.00 | 146.00 | OK | |
r-patched-linux-x86_64 | 0.3.10 | 12.19 | 183.94 | 196.13 | OK | |
r-release-linux-x86_64 | 0.3.10 | 9.51 | 181.51 | 191.02 | OK | |
r-release-macos-arm64 | 0.3.10 | 61.00 | OK | |||
r-release-macos-x86_64 | 0.3.10 | 89.00 | OK | |||
r-release-windows-x86_64 | 0.3.10 | 10.00 | 134.00 | 144.00 | OK | |
r-oldrel-macos-arm64 | 0.3.10 | 69.00 | OK | |||
r-oldrel-macos-x86_64 | 0.3.10 | 143.00 | OK | |||
r-oldrel-windows-x86_64 | 0.3.10 | 14.00 | 174.00 | 188.00 | OK |
Version: 0.3.10
Check: dependencies in R code
Result: NOTE
Namespace in Imports field not imported from: ‘qpdf’
All declared Imports should be used.
Flavors: r-devel-linux-x86_64-fedora-clang, r-devel-linux-x86_64-fedora-gcc
Version: 0.3.10
Check: Rd cross-references
Result: NOTE
Undeclared packages ‘ggthemes’, ‘DataExplorer’ in Rd xrefs
Flavor: r-devel-linux-x86_64-fedora-clang