Last updated on 2024-05-04 09:49:50 CEST.
Flavor | Version | Tinstall | Tcheck | Ttotal | Status | Flags |
---|---|---|---|---|---|---|
r-devel-linux-x86_64-debian-clang | 1.7.0 | 12.04 | 162.46 | 174.50 | NOTE | |
r-devel-linux-x86_64-debian-gcc | 1.7.0 | 10.22 | 117.42 | 127.64 | NOTE | |
r-devel-linux-x86_64-fedora-clang | 1.7.0 | 217.13 | NOTE | |||
r-devel-linux-x86_64-fedora-gcc | 1.7.0 | 233.08 | NOTE | |||
r-devel-windows-x86_64 | 1.7.0 | 14.00 | 134.00 | 148.00 | NOTE | |
r-patched-linux-x86_64 | 1.7.0 | 10.75 | 155.16 | 165.91 | NOTE | |
r-release-linux-x86_64 | 1.7.0 | 10.83 | 149.14 | 159.97 | NOTE | |
r-release-macos-arm64 | 1.7.0 | 67.00 | NOTE | |||
r-release-windows-x86_64 | 1.7.0 | 14.00 | 143.00 | 157.00 | NOTE | |
r-oldrel-macos-arm64 | 1.7.0 | 78.00 | OK | |||
r-oldrel-macos-x86_64 | 1.7.0 | 113.00 | OK | |||
r-oldrel-windows-x86_64 | 1.7.0 | 19.00 | 166.00 | 185.00 | OK |
Version: 1.7.0
Check: Rd files
Result: NOTE
checkRd: (-1) spe.Rd:101: Lost braces
101 | code{spe} command; (4) \code{alpha} stores significance level as in
| ^
Flavors: r-devel-linux-x86_64-debian-clang, r-devel-linux-x86_64-debian-gcc, r-devel-linux-x86_64-fedora-clang, r-devel-linux-x86_64-fedora-gcc, r-devel-windows-x86_64, r-patched-linux-x86_64, r-release-linux-x86_64, r-release-macos-arm64, r-release-windows-x86_64