Last updated on 2024-05-04 05:50:34 CEST.
Flavor | Version | Tinstall | Tcheck | Ttotal | Status | Flags |
---|---|---|---|---|---|---|
r-devel-linux-x86_64-debian-clang | 0.1.0 | 5.21 | 56.07 | 61.28 | OK | |
r-devel-linux-x86_64-fedora-clang | 0.1.0 | 77.93 | NOTE | |||
r-devel-linux-x86_64-fedora-gcc | 0.1.0 | 319.28 | NOTE | |||
r-devel-windows-x86_64 | 0.1.0 | 5.00 | 70.00 | 75.00 | OK | |
r-patched-linux-x86_64 | 0.1.0 | 3.82 | 53.23 | 57.05 | OK | |
r-release-linux-x86_64 | 0.1.0 | 2.75 | 54.69 | 57.44 | OK | |
r-release-macos-arm64 | 0.1.0 | 65.00 | OK | |||
r-release-windows-x86_64 | 0.1.0 | 4.00 | 72.00 | 76.00 | OK | |
r-oldrel-macos-arm64 | 0.1.0 | 75.00 | OK | |||
r-oldrel-macos-x86_64 | 0.1.0 | 191.00 | OK | |||
r-oldrel-windows-x86_64 | 0.1.0 | 5.00 | 75.00 | 80.00 | OK |
Version: 0.1.0
Check: data for non-ASCII characters
Result: NOTE
Note: found 3 marked UTF-8 strings
Flavors: r-devel-linux-x86_64-fedora-clang, r-devel-linux-x86_64-fedora-gcc