Last updated on 2024-05-04 09:49:51 CEST.
Flavor | Version | Tinstall | Tcheck | Ttotal | Status | Flags |
---|---|---|---|---|---|---|
r-devel-linux-x86_64-debian-clang | 1.6.3 | 15.18 | 120.07 | 135.25 | NOTE | |
r-devel-linux-x86_64-debian-gcc | 1.6.3 | 11.90 | 89.07 | 100.97 | NOTE | |
r-devel-linux-x86_64-fedora-clang | 1.6.3 | 170.00 | NOTE | |||
r-devel-linux-x86_64-fedora-gcc | 1.6.3 | 170.24 | NOTE | |||
r-devel-windows-x86_64 | 1.6.3 | 15.00 | 109.00 | 124.00 | NOTE | |
r-patched-linux-x86_64 | 1.6.3 | 14.95 | 114.50 | 129.45 | NOTE | |
r-release-linux-x86_64 | 1.6.3 | 12.14 | 114.36 | 126.50 | NOTE | |
r-release-macos-arm64 | 1.6.3 | 49.00 | NOTE | |||
r-release-windows-x86_64 | 1.6.3 | 15.00 | 106.00 | 121.00 | NOTE | |
r-oldrel-macos-arm64 | 1.6.3 | 57.00 | OK | |||
r-oldrel-macos-x86_64 | 1.6.3 | 88.00 | OK | |||
r-oldrel-windows-x86_64 | 1.6.3 | 18.00 | 137.00 | 155.00 | OK |
Version: 1.6.3
Check: Rd files
Result: NOTE
checkRd: (-1) stamppFst.Rd:20: Lost braces
20 | \code{Fsts}{a matrix of pairwise Fst values between populations}
| ^
checkRd: (-1) stamppFst.Rd:21: Lost braces
21 | \code{Pvalues}{a matrix of p-values for each of the pairwise Fst values containined in the 'Fsts' matrix}
| ^
checkRd: (-1) stamppFst.Rd:22: Lost braces
22 | \code{Bootstraps}{a dataframe of each Fst value generated during Bootstrapping and the associated confidence intervals}
| ^
Flavors: r-devel-linux-x86_64-debian-clang, r-devel-linux-x86_64-debian-gcc, r-devel-linux-x86_64-fedora-clang, r-devel-linux-x86_64-fedora-gcc, r-devel-windows-x86_64, r-patched-linux-x86_64, r-release-linux-x86_64, r-release-macos-arm64, r-release-windows-x86_64