Last updated on 2024-05-04 05:50:35 CEST.
Flavor | Version | Tinstall | Tcheck | Ttotal | Status | Flags |
---|---|---|---|---|---|---|
r-devel-linux-x86_64-debian-clang | 1.1.0 | 3.43 | 21.76 | 25.19 | NOTE | |
r-devel-linux-x86_64-fedora-clang | 1.1.0 | 33.44 | NOTE | |||
r-devel-linux-x86_64-fedora-gcc | 1.1.0 | 34.41 | NOTE | |||
r-devel-windows-x86_64 | 1.1.0 | 7.00 | 39.00 | 46.00 | NOTE | |
r-patched-linux-x86_64 | 1.1.0 | 2.66 | 21.37 | 24.03 | NOTE | |
r-release-linux-x86_64 | 1.1.0 | 3.16 | 21.64 | 24.80 | NOTE | |
r-release-macos-arm64 | 1.1.0 | 14.00 | NOTE | |||
r-release-windows-x86_64 | 1.1.0 | 5.00 | 39.00 | 44.00 | NOTE | |
r-oldrel-macos-arm64 | 1.1.0 | 17.00 | NOTE | |||
r-oldrel-macos-x86_64 | 1.1.0 | 20.00 | NOTE | |||
r-oldrel-windows-x86_64 | 1.1.0 | 6.00 | 39.00 | 45.00 | NOTE |
Version: 1.1.0
Check: package dependencies
Result: NOTE
Package suggested but not available for checking: ‘imputeMissings’
Flavors: r-devel-linux-x86_64-debian-clang, r-devel-linux-x86_64-fedora-clang, r-devel-linux-x86_64-fedora-gcc, r-patched-linux-x86_64, r-release-linux-x86_64, r-release-macos-arm64
Version: 1.1.0
Check: installed package size
Result: NOTE
installed size is 6.3Mb
sub-directories of 1Mb or more:
shiny-apps 6.2Mb
Flavors: r-devel-linux-x86_64-fedora-clang, r-devel-windows-x86_64, r-release-macos-arm64, r-release-windows-x86_64, r-oldrel-macos-arm64, r-oldrel-macos-x86_64, r-oldrel-windows-x86_64
Version: 1.1.0
Check: dependencies in R code
Result: NOTE
Namespaces in Imports field not imported from:
‘DDoutlier’ ‘car’ ‘corrplot’ ‘data.table’ ‘energy’ ‘ggplot2’
‘gridExtra’ ‘kableExtra’ ‘knitr’ ‘readr’ ‘reshape2’ ‘rmarkdown’
‘shinydisconnect’
All declared Imports should be used.
Flavors: r-devel-linux-x86_64-fedora-clang, r-devel-linux-x86_64-fedora-gcc
Version: 1.1.0
Check: package dependencies
Result: NOTE
Packages suggested but not available for checking:
'semPlot', 'FactoMineR', 'FactoInvestigate', 'factoextra'
Flavor: r-oldrel-macos-x86_64