Last updated on 2024-05-04 09:49:51 CEST.
Flavor | Version | Tinstall | Tcheck | Ttotal | Status | Flags |
---|---|---|---|---|---|---|
r-devel-linux-x86_64-debian-clang | 0.2.0 | 17.36 | 446.65 | 464.01 | OK | |
r-devel-linux-x86_64-debian-gcc | 0.2.0 | 17.14 | 324.02 | 341.16 | OK | |
r-devel-linux-x86_64-fedora-clang | 0.2.0 | 560.21 | NOTE | |||
r-devel-linux-x86_64-fedora-gcc | 0.2.0 | 585.53 | NOTE | |||
r-devel-windows-x86_64 | 0.2.0 | 17.00 | 303.00 | 320.00 | OK | |
r-patched-linux-x86_64 | 0.2.0 | 23.98 | 425.59 | 449.57 | OK | |
r-release-linux-x86_64 | 0.2.0 | 17.38 | 416.32 | 433.70 | OK | |
r-release-macos-arm64 | 0.2.0 | 149.00 | OK | |||
r-release-windows-x86_64 | 0.2.0 | 17.00 | 523.00 | 540.00 | OK | |
r-oldrel-macos-arm64 | 0.2.0 | 175.00 | OK | |||
r-oldrel-macos-x86_64 | 0.2.0 | 293.00 | OK | |||
r-oldrel-windows-x86_64 | 0.2.0 | 21.00 | 668.00 | 689.00 | OK |
Version: 0.2.0
Check: dependencies in R code
Result: NOTE
Namespaces in Imports field not imported from:
‘gridExtra’ ‘mvtnorm’
All declared Imports should be used.
Flavors: r-devel-linux-x86_64-fedora-clang, r-devel-linux-x86_64-fedora-gcc