Last updated on 2024-05-04 09:49:51 CEST.
Flavor | Version | Tinstall | Tcheck | Ttotal | Status | Flags |
---|---|---|---|---|---|---|
r-devel-linux-x86_64-debian-clang | 1.2.5 | 34.35 | 395.06 | 429.41 | OK | |
r-devel-linux-x86_64-debian-gcc | 1.2.5 | 28.46 | 297.61 | 326.07 | OK | |
r-devel-linux-x86_64-fedora-clang | 1.2.5 | 510.48 | NOTE | |||
r-devel-linux-x86_64-fedora-gcc | 1.2.5 | 536.06 | OK | |||
r-devel-windows-x86_64 | 1.2.5 | 44.00 | 276.00 | 320.00 | NOTE | |
r-patched-linux-x86_64 | 1.2.5 | 32.56 | 385.61 | 418.17 | OK | |
r-release-linux-x86_64 | 1.2.5 | 27.35 | 383.18 | 410.53 | OK | |
r-release-macos-arm64 | 1.2.5 | 148.00 | NOTE | |||
r-release-macos-x86_64 | 1.2.5 | 172.00 | NOTE | |||
r-release-windows-x86_64 | 1.2.5 | 36.00 | 277.00 | 313.00 | NOTE | |
r-oldrel-macos-arm64 | 1.2.5 | 116.00 | NOTE | |||
r-oldrel-macos-x86_64 | 1.2.5 | 170.00 | NOTE | |||
r-oldrel-windows-x86_64 | 1.2.5 | 44.00 | 380.00 | 424.00 | NOTE |
Version: 1.2.5
Check: package dependencies
Result: NOTE
Imports includes 25 non-default packages.
Importing from so many packages makes the package vulnerable to any of
them becoming unavailable. Move as many as possible to Suggests and
use conditionally.
Flavor: r-devel-linux-x86_64-fedora-clang
Version: 1.2.5
Check: installed package size
Result: NOTE
installed size is 13.5Mb
sub-directories of 1Mb or more:
doc 12.3Mb
Flavors: r-devel-linux-x86_64-fedora-clang, r-devel-windows-x86_64, r-release-macos-arm64, r-release-macos-x86_64, r-release-windows-x86_64, r-oldrel-macos-arm64, r-oldrel-macos-x86_64, r-oldrel-windows-x86_64