Last updated on 2024-05-04 13:49:22 CEST.
Flavor | Version | Tinstall | Tcheck | Ttotal | Status | Flags |
---|---|---|---|---|---|---|
r-devel-linux-x86_64-debian-clang | 1.0.1 | 14.76 | 193.71 | 208.47 | NOTE | |
r-devel-linux-x86_64-debian-gcc | 1.0.1 | 10.83 | 150.78 | 161.61 | NOTE | |
r-devel-linux-x86_64-fedora-clang | 1.0.1 | 254.99 | NOTE | |||
r-devel-linux-x86_64-fedora-gcc | 1.0.1 | 260.31 | NOTE | |||
r-devel-windows-x86_64 | 1.0.1 | 16.00 | 154.00 | 170.00 | NOTE | |
r-patched-linux-x86_64 | 1.0.1 | 20.73 | 193.14 | 213.87 | NOTE | |
r-release-linux-x86_64 | 1.0.1 | 14.40 | 185.83 | 200.23 | NOTE | |
r-release-macos-arm64 | 1.0.1 | 94.00 | NOTE | |||
r-release-windows-x86_64 | 1.0.1 | 17.00 | 178.00 | 195.00 | NOTE | |
r-oldrel-macos-arm64 | 1.0.1 | 109.00 | OK | |||
r-oldrel-macos-x86_64 | 1.0.1 | 198.00 | OK | |||
r-oldrel-windows-x86_64 | 1.0.1 | 22.00 | 204.00 | 226.00 | OK |
Version: 1.0.1
Check: Rd files
Result: NOTE
checkRd: (-1) predict.tfunHDDC.Rd:31-39: Lost braces
31 | The teigen family. Stat Comput 22:1021{1029. <doi.org/10.1007/
| ^
Flavors: r-devel-linux-x86_64-debian-clang, r-devel-linux-x86_64-debian-gcc, r-devel-linux-x86_64-fedora-clang, r-devel-linux-x86_64-fedora-gcc, r-devel-windows-x86_64, r-patched-linux-x86_64, r-release-linux-x86_64, r-release-macos-arm64, r-release-windows-x86_64
Version: 1.0.1
Check: Rd cross-references
Result: NOTE
Undeclared package ‘teigen’ in Rd xrefs
Flavor: r-devel-linux-x86_64-fedora-clang