Last updated on 2024-05-04 09:49:52 CEST.
Flavor | Version | Tinstall | Tcheck | Ttotal | Status | Flags |
---|---|---|---|---|---|---|
r-devel-linux-x86_64-debian-clang | 0.1.0 | 13.79 | 22.20 | 35.99 | OK | |
r-devel-linux-x86_64-debian-gcc | 0.1.0 | 10.19 | 17.30 | 27.49 | OK | |
r-devel-linux-x86_64-fedora-clang | 0.1.0 | 45.40 | NOTE | |||
r-devel-linux-x86_64-fedora-gcc | 0.1.0 | 44.42 | OK | |||
r-devel-windows-x86_64 | 0.1.0 | 12.00 | 38.00 | 50.00 | NOTE | |
r-patched-linux-x86_64 | 0.1.0 | 13.64 | 21.31 | 34.95 | OK | |
r-release-linux-x86_64 | 0.1.0 | 13.63 | 22.10 | 35.73 | OK | |
r-release-macos-arm64 | 0.1.0 | 22.00 | NOTE | |||
r-release-windows-x86_64 | 0.1.0 | 10.00 | 38.00 | 48.00 | NOTE | |
r-oldrel-macos-arm64 | 0.1.0 | 26.00 | NOTE | |||
r-oldrel-macos-x86_64 | 0.1.0 | 53.00 | NOTE | |||
r-oldrel-windows-x86_64 | 0.1.0 | 10.00 | 37.00 | 47.00 | NOTE |
Version: 0.1.0
Check: installed package size
Result: NOTE
installed size is 12.1Mb
sub-directories of 1Mb or more:
data 12.0Mb
Flavors: r-devel-linux-x86_64-fedora-clang, r-devel-windows-x86_64, r-release-macos-arm64, r-release-windows-x86_64, r-oldrel-macos-arm64, r-oldrel-macos-x86_64, r-oldrel-windows-x86_64