Last updated on 2024-05-04 09:49:52 CEST.
Flavor | Version | Tinstall | Tcheck | Ttotal | Status | Flags |
---|---|---|---|---|---|---|
r-devel-linux-x86_64-debian-clang | 1.0.0 | 3.21 | 24.50 | 27.71 | NOTE | |
r-devel-linux-x86_64-debian-gcc | 1.0.0 | 2.18 | 19.15 | 21.33 | NOTE | |
r-devel-linux-x86_64-fedora-clang | 1.0.0 | 35.74 | NOTE | |||
r-devel-linux-x86_64-fedora-gcc | 1.0.0 | 32.27 | NOTE | |||
r-devel-windows-x86_64 | 1.0.0 | 3.00 | 91.00 | 94.00 | NOTE | |
r-patched-linux-x86_64 | 1.0.0 | 3.49 | 23.90 | 27.39 | NOTE | |
r-release-linux-x86_64 | 1.0.0 | 2.61 | 23.86 | 26.47 | NOTE | |
r-release-macos-arm64 | 1.0.0 | 15.00 | NOTE | |||
r-release-windows-x86_64 | 1.0.0 | 3.00 | 79.00 | 82.00 | NOTE | |
r-oldrel-macos-arm64 | 1.0.0 | 15.00 | NOTE | |||
r-oldrel-macos-x86_64 | 1.0.0 | 20.00 | NOTE | |||
r-oldrel-windows-x86_64 | 1.0.0 | 3.00 | 152.00 | 155.00 | NOTE |
Version: 1.0.0
Check: LazyData
Result: NOTE
'LazyData' is specified without a 'data' directory
Flavors: r-devel-linux-x86_64-debian-clang, r-devel-linux-x86_64-debian-gcc, r-devel-linux-x86_64-fedora-clang, r-devel-linux-x86_64-fedora-gcc, r-devel-windows-x86_64, r-patched-linux-x86_64, r-release-linux-x86_64, r-release-macos-arm64, r-release-windows-x86_64, r-oldrel-macos-arm64, r-oldrel-macos-x86_64, r-oldrel-windows-x86_64