Last updated on 2024-05-02 21:53:01 CEST.
Flavor | Version | Tinstall | Tcheck | Ttotal | Status | Flags |
---|---|---|---|---|---|---|
r-devel-linux-x86_64-debian-clang | 0.3.1 | 11.25 | 86.02 | 97.27 | OK | |
r-devel-linux-x86_64-debian-gcc | 0.3.1 | 7.37 | 64.71 | 72.08 | OK | |
r-devel-linux-x86_64-fedora-clang | 0.3.1 | 122.36 | NOTE | |||
r-devel-linux-x86_64-fedora-gcc | 0.3.1 | 115.44 | OK | |||
r-devel-windows-x86_64 | 0.3.1 | 11.00 | 82.00 | 93.00 | OK | |
r-patched-linux-x86_64 | 0.3.1 | 8.25 | 81.54 | 89.79 | OK | |
r-release-linux-x86_64 | 0.3.1 | 8.20 | 85.10 | 93.30 | OK | |
r-release-macos-arm64 | 0.3.1 | 46.00 | OK | |||
r-release-windows-x86_64 | 0.3.1 | 11.00 | 112.00 | 123.00 | OK | |
r-oldrel-macos-arm64 | 0.3.1 | 38.00 | OK | |||
r-oldrel-macos-x86_64 | 0.3.1 | 58.00 | OK | |||
r-oldrel-windows-x86_64 | 0.3.1 | 14.00 | 153.00 | 167.00 | OK |
Version: 0.3.1
Check: Rd cross-references
Result: NOTE
Undeclared package ‘gimms’ in Rd xrefs
Flavor: r-devel-linux-x86_64-fedora-clang