Last updated on 2024-05-04 13:49:22 CEST.
Flavor | Version | Tinstall | Tcheck | Ttotal | Status | Flags |
---|---|---|---|---|---|---|
r-devel-linux-x86_64-debian-clang | 2.0.4 | 5.06 | 181.77 | 186.83 | NOTE | |
r-devel-linux-x86_64-debian-gcc | 2.0.4 | 3.67 | 135.36 | 139.03 | NOTE | |
r-devel-linux-x86_64-fedora-clang | 2.0.4 | 223.98 | NOTE | |||
r-devel-linux-x86_64-fedora-gcc | 2.0.4 | 228.76 | NOTE | |||
r-devel-windows-x86_64 | 2.0.4 | 5.00 | 143.00 | 148.00 | NOTE | |
r-patched-linux-x86_64 | 2.0.4 | 4.46 | 177.83 | 182.29 | NOTE | |
r-release-linux-x86_64 | 2.0.4 | 2.57 | 174.22 | 176.79 | NOTE | |
r-release-macos-arm64 | 2.0.4 | 72.00 | NOTE | |||
r-release-windows-x86_64 | 2.0.4 | 4.00 | 141.00 | 145.00 | NOTE | |
r-oldrel-macos-arm64 | 2.0.4 | 85.00 | OK | |||
r-oldrel-macos-x86_64 | 2.0.4 | 149.00 | OK | |||
r-oldrel-windows-x86_64 | 2.0.4 | 7.00 | 174.00 | 181.00 | OK |
Version: 2.0.4
Check: Rd files
Result: NOTE
checkRd: (-1) Tendril.Rd:53: Lost braces in \itemize; \value handles \item{}{} directly
checkRd: (-1) Tendril.Rd:54: Lost braces in \itemize; \value handles \item{}{} directly
checkRd: (-1) Tendril.Rd:55: Lost braces in \itemize; \value handles \item{}{} directly
checkRd: (-1) Tendril.Rd:56: Lost braces in \itemize; \value handles \item{}{} directly
checkRd: (-1) Tendril.Rd:57: Lost braces in \itemize; \value handles \item{}{} directly
checkRd: (-1) Tendril.Rd:58: Lost braces in \itemize; \value handles \item{}{} directly
checkRd: (-1) Tendril.Rd:59: Lost braces in \itemize; \value handles \item{}{} directly
checkRd: (-1) Tendril.Rd:60: Lost braces in \itemize; \value handles \item{}{} directly
checkRd: (-1) Tendril.Rd:61: Lost braces in \itemize; \value handles \item{}{} directly
checkRd: (-1) Tendril.Rd:62: Lost braces in \itemize; \value handles \item{}{} directly
checkRd: (-1) Tendril.Rd:63: Lost braces in \itemize; \value handles \item{}{} directly
checkRd: (-1) Tendril.Rd:64: Lost braces in \itemize; \value handles \item{}{} directly
checkRd: (-1) Tendril.Rd:65: Lost braces in \itemize; \value handles \item{}{} directly
checkRd: (-1) Tendril.Rd:66: Lost braces in \itemize; \value handles \item{}{} directly
checkRd: (-1) Tendril.Rd:67: Lost braces in \itemize; \value handles \item{}{} directly
Flavors: r-devel-linux-x86_64-debian-clang, r-devel-linux-x86_64-debian-gcc, r-devel-linux-x86_64-fedora-clang, r-devel-linux-x86_64-fedora-gcc, r-devel-windows-x86_64, r-patched-linux-x86_64, r-release-linux-x86_64, r-release-macos-arm64, r-release-windows-x86_64
Version: 2.0.4
Check: dependencies in R code
Result: NOTE
Namespace in Imports field not imported from: ‘graphics’
All declared Imports should be used.
Flavors: r-devel-linux-x86_64-fedora-clang, r-devel-linux-x86_64-fedora-gcc