Last updated on 2024-05-04 09:49:52 CEST.
Flavor | Version | Tinstall | Tcheck | Ttotal | Status | Flags |
---|---|---|---|---|---|---|
r-devel-linux-x86_64-debian-clang | 1.0.0 | 18.30 | 31.79 | 50.09 | OK | |
r-devel-linux-x86_64-debian-gcc | 1.0.0 | 17.90 | 24.77 | 42.67 | OK | |
r-devel-linux-x86_64-fedora-clang | 1.0.0 | 73.95 | NOTE | |||
r-devel-linux-x86_64-fedora-gcc | 1.0.0 | 72.36 | NOTE | |||
r-devel-windows-x86_64 | 1.0.0 | 21.00 | 65.00 | 86.00 | OK | |
r-patched-linux-x86_64 | 1.0.0 | 19.08 | 31.16 | 50.24 | OK | |
r-release-linux-x86_64 | 1.0.0 | 21.44 | 31.05 | 52.49 | OK | |
r-release-macos-arm64 | 1.0.0 | 23.00 | OK | |||
r-release-macos-x86_64 | 1.0.0 | 44.00 | OK | |||
r-release-windows-x86_64 | 1.0.0 | 19.00 | 64.00 | 83.00 | OK | |
r-oldrel-macos-arm64 | 1.0.0 | 30.00 | OK | |||
r-oldrel-macos-x86_64 | 1.0.0 | 43.00 | OK | |||
r-oldrel-windows-x86_64 | 1.0.0 | 24.00 | 70.00 | 94.00 | OK |
Version: 1.0.0
Check: dependencies in R code
Result: NOTE
Namespace in Imports field not imported from: ‘MASS’
All declared Imports should be used.
Flavors: r-devel-linux-x86_64-fedora-clang, r-devel-linux-x86_64-fedora-gcc