Last updated on 2024-05-04 09:49:52 CEST.
Flavor | Version | Tinstall | Tcheck | Ttotal | Status | Flags |
---|---|---|---|---|---|---|
r-devel-linux-x86_64-debian-clang | 2.7.0 | 59.47 | 303.28 | 362.75 | NOTE | |
r-devel-linux-x86_64-debian-gcc | 2.7.0 | 48.92 | 226.02 | 274.94 | NOTE | |
r-devel-linux-x86_64-fedora-clang | 2.7.0 | 504.62 | NOTE | |||
r-devel-linux-x86_64-fedora-gcc | 2.7.0 | 466.89 | NOTE | |||
r-devel-windows-x86_64 | 2.7.0 | 51.00 | 270.00 | 321.00 | NOTE | |
r-patched-linux-x86_64 | 2.7.0 | 62.93 | 294.37 | 357.30 | NOTE | |
r-release-linux-x86_64 | 2.7.0 | 62.85 | 294.56 | 357.41 | NOTE | |
r-release-macos-arm64 | 2.7.0 | 128.00 | NOTE | |||
r-release-windows-x86_64 | 2.7.0 | 51.00 | 263.00 | 314.00 | NOTE | |
r-oldrel-macos-arm64 | 2.7.0 | 145.00 | NOTE | |||
r-oldrel-macos-x86_64 | 2.7.0 | 288.00 | NOTE | |||
r-oldrel-windows-x86_64 | 2.7.0 | 61.00 | 457.00 | 518.00 | NOTE |
Version: 2.7.0
Check: package dependencies
Result: NOTE
Package suggested but not available for checking: ‘TreeDistData’
Flavors: r-devel-linux-x86_64-debian-clang, r-devel-linux-x86_64-debian-gcc, r-devel-linux-x86_64-fedora-clang, r-devel-linux-x86_64-fedora-gcc, r-devel-windows-x86_64, r-patched-linux-x86_64, r-release-linux-x86_64, r-release-macos-arm64, r-release-windows-x86_64, r-oldrel-macos-arm64, r-oldrel-macos-x86_64, r-oldrel-windows-x86_64
Version: 2.7.0
Check: installed package size
Result: NOTE
installed size is 5.9Mb
sub-directories of 1Mb or more:
doc 5.0Mb
Flavors: r-devel-linux-x86_64-fedora-clang, r-devel-windows-x86_64, r-release-macos-arm64, r-release-windows-x86_64, r-oldrel-macos-arm64, r-oldrel-macos-x86_64, r-oldrel-windows-x86_64