Last updated on 2024-05-04 09:49:53 CEST.
Flavor | Version | Tinstall | Tcheck | Ttotal | Status | Flags |
---|---|---|---|---|---|---|
r-devel-linux-x86_64-debian-clang | 2.4.0 | 0.60 | 2.25 | 2.85 | ERROR | |
r-devel-linux-x86_64-debian-gcc | 2.4.0 | 37.29 | 299.31 | 336.60 | OK | |
r-devel-linux-x86_64-fedora-clang | 2.4.0 | 601.98 | OK | |||
r-devel-linux-x86_64-fedora-gcc | 2.4.0 | 540.89 | OK | |||
r-devel-windows-x86_64 | 2.4.0 | 44.00 | 290.00 | 334.00 | OK | |
r-patched-linux-x86_64 | 2.4.0 | 44.25 | 381.78 | 426.03 | OK | |
r-release-linux-x86_64 | 2.4.0 | 38.65 | 394.84 | 433.49 | OK | |
r-release-macos-arm64 | 2.4.0 | 166.00 | OK | |||
r-release-macos-x86_64 | 2.4.0 | 186.00 | OK | |||
r-release-windows-x86_64 | 2.4.0 | 44.00 | 446.00 | 490.00 | OK | |
r-oldrel-macos-arm64 | 2.4.0 | 115.00 | OK | |||
r-oldrel-macos-x86_64 | 2.4.0 | 160.00 | OK | |||
r-oldrel-windows-x86_64 | 2.4.0 | 60.00 | 409.00 | 469.00 | OK |
Version: 2.4.0
Check: package dependencies
Result: ERROR
Package required but not available: ‘alakazam’
See section ‘The DESCRIPTION file’ in the ‘Writing R Extensions’
manual.
Flavor: r-devel-linux-x86_64-debian-clang