Last updated on 2024-05-04 13:49:24 CEST.
Flavor | Version | Tinstall | Tcheck | Ttotal | Status | Flags |
---|---|---|---|---|---|---|
r-devel-linux-x86_64-debian-clang | 0.1.0 | 15.09 | 137.54 | 152.63 | NOTE | |
r-devel-linux-x86_64-debian-gcc | 0.1.0 | 13.32 | 101.41 | 114.73 | NOTE | |
r-devel-linux-x86_64-fedora-clang | 0.1.0 | 184.47 | NOTE | |||
r-devel-linux-x86_64-fedora-gcc | 0.1.0 | 174.84 | NOTE | |||
r-devel-windows-x86_64 | 0.1.0 | 16.00 | 108.00 | 124.00 | NOTE | |
r-patched-linux-x86_64 | 0.1.0 | 13.85 | 126.42 | 140.27 | NOTE | |
r-release-linux-x86_64 | 0.1.0 | 15.46 | 129.29 | 144.75 | NOTE | |
r-release-macos-arm64 | 0.1.0 | 46.00 | NOTE | |||
r-release-windows-x86_64 | 0.1.0 | 15.00 | 249.00 | 264.00 | NOTE | |
r-oldrel-macos-arm64 | 0.1.0 | 58.00 | NOTE | |||
r-oldrel-macos-x86_64 | 0.1.0 | 98.00 | NOTE | |||
r-oldrel-windows-x86_64 | 0.1.0 | 20.00 | 193.00 | 213.00 | NOTE |
Version: 0.1.0
Check: LazyData
Result: NOTE
'LazyData' is specified without a 'data' directory
Flavors: r-devel-linux-x86_64-debian-clang, r-devel-linux-x86_64-debian-gcc, r-devel-linux-x86_64-fedora-clang, r-devel-linux-x86_64-fedora-gcc, r-devel-windows-x86_64, r-patched-linux-x86_64, r-release-linux-x86_64, r-release-macos-arm64, r-release-windows-x86_64, r-oldrel-macos-arm64, r-oldrel-macos-x86_64, r-oldrel-windows-x86_64