Last updated on 2024-05-04 13:49:24 CEST.
Flavor | Version | Tinstall | Tcheck | Ttotal | Status | Flags |
---|---|---|---|---|---|---|
r-devel-linux-x86_64-debian-clang | 2.1-14 | 3.42 | 29.74 | 33.16 | OK | |
r-devel-linux-x86_64-debian-gcc | 2.1-14 | 3.44 | 23.13 | 26.57 | OK | |
r-devel-linux-x86_64-fedora-clang | 2.1-14 | 43.89 | NOTE | |||
r-devel-linux-x86_64-fedora-gcc | 2.1-14 | 42.41 | OK | |||
r-devel-windows-x86_64 | 2.1-14 | 8.00 | 45.00 | 53.00 | OK | |
r-patched-linux-x86_64 | 2.1-14 | 3.83 | 29.09 | 32.92 | OK | |
r-release-linux-x86_64 | 2.1-14 | 4.11 | 27.74 | 31.85 | OK | |
r-release-macos-arm64 | 2.1-14 | 17.00 | OK | |||
r-release-windows-x86_64 | 2.1-14 | 9.00 | 44.00 | 53.00 | OK | |
r-oldrel-macos-arm64 | 2.1-14 | 18.00 | OK | |||
r-oldrel-macos-x86_64 | 2.1-14 | 25.00 | OK | |||
r-oldrel-windows-x86_64 | 2.1-14 | 11.00 | 45.00 | 56.00 | OK |
Version: 2.1-14
Check: Rd cross-references
Result: NOTE
Undeclared package ‘dtw’ in Rd xrefs
Flavor: r-devel-linux-x86_64-fedora-clang