Last updated on 2024-05-04 09:49:53 CEST.
Flavor | Version | Tinstall | Tcheck | Ttotal | Status | Flags |
---|---|---|---|---|---|---|
r-devel-linux-x86_64-debian-clang | 0.1.2 | 58.85 | 100.35 | 159.20 | OK | |
r-devel-linux-x86_64-debian-gcc | 0.1.2 | 47.05 | 74.55 | 121.60 | OK | |
r-devel-linux-x86_64-fedora-clang | 0.1.2 | 204.02 | OK | |||
r-devel-linux-x86_64-fedora-gcc | 0.1.2 | 217.13 | OK | |||
r-devel-windows-x86_64 | 0.1.2 | 47.00 | 113.00 | 160.00 | OK | |
r-patched-linux-x86_64 | 0.1.2 | 62.26 | 95.94 | 158.20 | OK | |
r-release-linux-x86_64 | 0.1.2 | 54.18 | 95.55 | 149.73 | OK | |
r-release-macos-arm64 | 0.1.2 | 66.00 | NOTE | |||
r-release-windows-x86_64 | 0.1.2 | 48.00 | 110.00 | 158.00 | OK | |
r-oldrel-macos-arm64 | 0.1.2 | 62.00 | NOTE | |||
r-oldrel-macos-x86_64 | 0.1.2 | 117.00 | NOTE | |||
r-oldrel-windows-x86_64 | 0.1.2 | 58.00 | 129.00 | 187.00 | OK |
Version: 0.1.2
Check: installed package size
Result: NOTE
installed size is 12.2Mb
sub-directories of 1Mb or more:
doc 1.2Mb
libs 10.3Mb
Flavors: r-release-macos-arm64, r-oldrel-macos-arm64, r-oldrel-macos-x86_64