Last updated on 2024-05-04 13:49:24 CEST.
Flavor | Version | Tinstall | Tcheck | Ttotal | Status | Flags |
---|---|---|---|---|---|---|
r-devel-linux-x86_64-debian-clang | 0.1.0 | 16.40 | 429.83 | 446.23 | OK | |
r-devel-linux-x86_64-debian-gcc | 0.1.0 | 13.52 | 311.83 | 325.35 | OK | |
r-devel-linux-x86_64-fedora-clang | 0.1.0 | 538.37 | OK | |||
r-devel-linux-x86_64-fedora-gcc | 0.1.0 | 539.22 | OK | |||
r-devel-windows-x86_64 | 0.1.0 | 16.00 | 264.00 | 280.00 | ERROR | |
r-patched-linux-x86_64 | 0.1.0 | 15.32 | 406.92 | 422.24 | OK | |
r-release-linux-x86_64 | 0.1.0 | 13.90 | 407.83 | 421.73 | OK | |
r-release-macos-arm64 | 0.1.0 | 281.00 | OK | |||
r-release-windows-x86_64 | 0.1.0 | 17.00 | 372.00 | 389.00 | OK | |
r-oldrel-macos-arm64 | 0.1.0 | 377.00 | OK | |||
r-oldrel-macos-x86_64 | 0.1.0 | 493.00 | OK | |||
r-oldrel-windows-x86_64 | 0.1.0 | 22.00 | 380.00 | 402.00 | OK |
Version: 0.1.0
Check: re-building of vignette outputs
Result: ERROR
Error(s) in re-building vignettes:
--- re-building 'WormTensor.Rmd' using rmarkdown
trying URL 'https://figshare.com/ndownloader/files/35963780'
Content type 'application/octet-stream' length 3955980 bytes (3.8 MB)
==================================================
downloaded 3.8 MB
trying URL 'https://figshare.com/ndownloader/files/36186483'
Content type 'text/csv' length 10992 bytes (10 KB)
==================================================
downloaded 10 KB
trying URL 'https://figshare.com/ndownloader/files/35963780'
Quitting from lines at lines 85-91 [pipe_operation] (WormTensor.Rmd)
Error: processing vignette 'WormTensor.Rmd' failed with diagnostics:
error in evaluating the argument 'object' in selecting a method for function 'worm_visualize': error in evaluating the argument 'object' in selecting a method for function 'worm_evaluate': error in evaluating the argument 'object' in selecting a method for function 'worm_clustering': error in evaluating the argument 'object' in selecting a method for function 'worm_membership': cannot open URL 'https://figshare.com/ndownloader/files/35963780'
--- failed re-building 'WormTensor.Rmd'
SUMMARY: processing the following file failed:
'WormTensor.Rmd'
Error: Vignette re-building failed.
Execution halted
Flavor: r-devel-windows-x86_64