Last updated on 2024-05-04 09:49:54 CEST.
Flavor | Version | Tinstall | Tcheck | Ttotal | Status | Flags |
---|---|---|---|---|---|---|
r-devel-linux-x86_64-debian-clang | 1.0.1 | 317.22 | 229.57 | 546.79 | NOTE | |
r-devel-linux-x86_64-debian-gcc | 1.0.1 | 294.09 | 182.55 | 476.64 | NOTE | |
r-devel-linux-x86_64-fedora-clang | 1.0.1 | 667.17 | NOTE | |||
r-devel-linux-x86_64-fedora-gcc | 1.0.1 | 821.39 | NOTE | |||
r-devel-windows-x86_64 | 1.0.1 | 235.00 | 201.00 | 436.00 | NOTE | |
r-patched-linux-x86_64 | 1.0.1 | 243.73 | 248.80 | 492.53 | NOTE | |
r-release-linux-x86_64 | 1.0.1 | 268.29 | 250.26 | 518.55 | NOTE | |
r-release-macos-arm64 | 1.0.1 | 161.00 | NOTE | |||
r-release-windows-x86_64 | 1.0.1 | 244.00 | 193.00 | 437.00 | NOTE | |
r-oldrel-macos-arm64 | 1.0.1 | 166.00 | NOTE | |||
r-oldrel-macos-x86_64 | 1.0.1 | 262.00 | NOTE | |||
r-oldrel-windows-x86_64 | 1.0.1 | 314.00 | 246.00 | 560.00 | NOTE |
Version: 1.0.1
Check: for GNU extensions in Makefiles
Result: NOTE
GNU make is a SystemRequirements.
Flavors: r-devel-linux-x86_64-debian-clang, r-devel-linux-x86_64-debian-gcc, r-devel-linux-x86_64-fedora-clang, r-devel-linux-x86_64-fedora-gcc, r-devel-windows-x86_64, r-patched-linux-x86_64, r-release-linux-x86_64, r-release-macos-arm64, r-release-windows-x86_64, r-oldrel-macos-arm64, r-oldrel-macos-x86_64, r-oldrel-windows-x86_64
Version: 1.0.1
Check: dependencies in R code
Result: NOTE
Namespace in Imports field not imported from: ‘rstantools’
All declared Imports should be used.
Flavors: r-devel-linux-x86_64-fedora-clang, r-devel-linux-x86_64-fedora-gcc
Version: 1.0.1
Check: installed package size
Result: NOTE
installed size is 53.8Mb
sub-directories of 1Mb or more:
libs 53.4Mb
Flavors: r-release-macos-arm64, r-oldrel-macos-arm64, r-oldrel-macos-x86_64