Last updated on 2024-05-04 09:49:54 CEST.
Flavor | Version | Tinstall | Tcheck | Ttotal | Status | Flags |
---|---|---|---|---|---|---|
r-devel-linux-x86_64-debian-clang | 1.0.1 | 15.17 | 221.43 | 236.60 | OK | |
r-devel-linux-x86_64-debian-gcc | 1.0.1 | 12.67 | 161.42 | 174.09 | OK | |
r-devel-linux-x86_64-fedora-clang | 1.0.1 | 299.29 | NOTE | |||
r-devel-linux-x86_64-fedora-gcc | 1.0.1 | 337.75 | NOTE | |||
r-devel-windows-x86_64 | 1.0.1 | 15.00 | 185.00 | 200.00 | OK | |
r-patched-linux-x86_64 | 1.0.1 | 16.38 | 206.04 | 222.42 | OK | |
r-release-linux-x86_64 | 1.0.1 | 10.39 | 217.43 | 227.82 | OK | |
r-release-macos-arm64 | 1.0.1 | 100.00 | OK | |||
r-release-windows-x86_64 | 1.0.1 | 14.00 | 181.00 | 195.00 | OK | |
r-oldrel-macos-arm64 | 1.0.1 | 101.00 | OK | |||
r-oldrel-macos-x86_64 | 1.0.1 | 176.00 | OK | |||
r-oldrel-windows-x86_64 | 1.0.1 | 19.00 | 232.00 | 251.00 | OK |
Version: 1.0.1
Check: dependencies in R code
Result: NOTE
Namespace in Imports field not imported from: ‘dplyr’
All declared Imports should be used.
Flavors: r-devel-linux-x86_64-fedora-clang, r-devel-linux-x86_64-fedora-gcc