Last updated on 2024-05-04 05:50:15 CEST.
Flavor | Version | Tinstall | Tcheck | Ttotal | Status | Flags |
---|---|---|---|---|---|---|
r-devel-linux-x86_64-debian-clang | 1.0 | 0.82 | 2.38 | 3.20 | ERROR | |
r-devel-linux-x86_64-fedora-clang | 1.0 | 552.19 | OK | |||
r-devel-linux-x86_64-fedora-gcc | 1.0 | 500.99 | OK | |||
r-devel-windows-x86_64 | 1.0 | 31.00 | 248.00 | 279.00 | OK | |
r-patched-linux-x86_64 | 1.0 | 29.40 | 346.48 | 375.88 | OK | |
r-release-linux-x86_64 | 1.0 | 23.59 | 337.83 | 361.42 | OK | |
r-release-macos-arm64 | 1.0 | 128.00 | OK | |||
r-release-macos-x86_64 | 1.0 | 286.00 | OK | |||
r-release-windows-x86_64 | 1.0 | 10.00 | 5.00 | 15.00 | ERROR | |
r-oldrel-macos-arm64 | 1.0 | 126.00 | OK | |||
r-oldrel-macos-x86_64 | 1.0 | 266.00 | OK | |||
r-oldrel-windows-x86_64 | 1.0 | 39.00 | 317.00 | 356.00 | OK |
Version: 1.0
Check: package dependencies
Result: ERROR
Package required but not available: ‘ALDEx2’
See section ‘The DESCRIPTION file’ in the ‘Writing R Extensions’
manual.
Flavor: r-devel-linux-x86_64-debian-clang
Version: 1.0
Check: whether package can be installed
Result: ERROR
Installation failed.
Flavor: r-release-windows-x86_64