Last updated on 2024-05-04 13:48:59 CEST.
Flavor | Version | Tinstall | Tcheck | Ttotal | Status | Flags |
---|---|---|---|---|---|---|
r-devel-linux-x86_64-debian-clang | 1.3.0 | 21.84 | 198.55 | 220.39 | OK | |
r-devel-linux-x86_64-debian-gcc | 1.3.0 | 18.53 | 136.12 | 154.65 | OK | |
r-devel-linux-x86_64-fedora-clang | 1.3.0 | 262.53 | NOTE | |||
r-devel-linux-x86_64-fedora-gcc | 1.3.0 | 268.22 | NOTE | |||
r-devel-windows-x86_64 | 1.3.0 | 24.00 | 170.00 | 194.00 | OK | |
r-patched-linux-x86_64 | 1.3.0 | 15.47 | 181.44 | 196.91 | OK | |
r-release-linux-x86_64 | 1.3.0 | 16.04 | 180.43 | 196.47 | OK | |
r-release-macos-arm64 | 1.3.0 | 75.00 | OK | |||
r-release-windows-x86_64 | 1.3.0 | 22.00 | 166.00 | 188.00 | OK | |
r-oldrel-macos-arm64 | 1.3.0 | 90.00 | OK | |||
r-oldrel-macos-x86_64 | 1.3.0 | 157.00 | OK | |||
r-oldrel-windows-x86_64 | 1.3.0 | 27.00 | 212.00 | 239.00 | OK |
Version: 1.3.0
Check: dependencies in R code
Result: NOTE
Namespace in Imports field not imported from: ‘svglite’
All declared Imports should be used.
Flavors: r-devel-linux-x86_64-fedora-clang, r-devel-linux-x86_64-fedora-gcc