Last updated on 2024-05-04 13:48:59 CEST.
Flavor | Version | Tinstall | Tcheck | Ttotal | Status | Flags |
---|---|---|---|---|---|---|
r-devel-linux-x86_64-debian-clang | 2.1.0 | 29.80 | 431.91 | 461.71 | OK | |
r-devel-linux-x86_64-debian-gcc | 2.1.0 | 25.46 | 308.29 | 333.75 | OK | |
r-devel-linux-x86_64-fedora-clang | 2.1.0 | 566.82 | NOTE | |||
r-devel-linux-x86_64-fedora-gcc | 2.1.0 | 573.17 | OK | |||
r-devel-windows-x86_64 | 2.1.0 | 26.00 | 317.00 | 343.00 | OK | |
r-patched-linux-x86_64 | 2.1.0 | 18.28 | 415.97 | 434.25 | OK | |
r-release-linux-x86_64 | 2.1.0 | 21.38 | 407.95 | 429.33 | OK | |
r-release-macos-arm64 | 2.1.0 | 148.00 | OK | |||
r-release-macos-x86_64 | 2.1.0 | 345.00 | OK | |||
r-release-windows-x86_64 | 2.1.0 | 24.00 | 305.00 | 329.00 | OK | |
r-oldrel-macos-arm64 | 2.1.0 | 155.00 | OK | |||
r-oldrel-macos-x86_64 | 2.1.0 | 394.00 | OK | |||
r-oldrel-windows-x86_64 | 2.1.0 | 32.00 | 401.00 | 433.00 | OK |
Version: 2.1.0
Check: package dependencies
Result: NOTE
Imports includes 26 non-default packages.
Importing from so many packages makes the package vulnerable to any of
them becoming unavailable. Move as many as possible to Suggests and
use conditionally.
Flavor: r-devel-linux-x86_64-fedora-clang