Last updated on 2024-05-04 09:49:27 CEST.
Flavor | Version | Tinstall | Tcheck | Ttotal | Status | Flags |
---|---|---|---|---|---|---|
r-devel-linux-x86_64-debian-clang | 0.1.3 | 13.28 | 110.95 | 124.23 | NOTE | |
r-devel-linux-x86_64-debian-gcc | 0.1.3 | 9.97 | 79.29 | 89.26 | NOTE | |
r-devel-linux-x86_64-fedora-clang | 0.1.3 | 150.23 | NOTE | |||
r-devel-linux-x86_64-fedora-gcc | 0.1.3 | 149.76 | NOTE | |||
r-devel-windows-x86_64 | 0.1.3 | 11.00 | 93.00 | 104.00 | NOTE | |
r-patched-linux-x86_64 | 0.1.3 | 6.79 | 106.17 | 112.96 | NOTE | |
r-release-linux-x86_64 | 0.1.3 | 7.82 | 105.20 | 113.02 | NOTE | |
r-release-macos-arm64 | 0.1.3 | 43.00 | NOTE | |||
r-release-windows-x86_64 | 0.1.3 | 12.00 | 92.00 | 104.00 | NOTE | |
r-oldrel-macos-arm64 | 0.1.3 | 47.00 | NOTE | |||
r-oldrel-macos-x86_64 | 0.1.3 | 79.00 | NOTE | |||
r-oldrel-windows-x86_64 | 0.1.3 | 14.00 | 111.00 | 125.00 | NOTE |
Version: 0.1.3
Check: LazyData
Result: NOTE
'LazyData' is specified without a 'data' directory
Flavors: r-devel-linux-x86_64-debian-clang, r-devel-linux-x86_64-debian-gcc, r-devel-linux-x86_64-fedora-clang, r-devel-linux-x86_64-fedora-gcc, r-devel-windows-x86_64, r-patched-linux-x86_64, r-release-linux-x86_64, r-release-macos-arm64, r-release-windows-x86_64, r-oldrel-macos-arm64, r-oldrel-macos-x86_64, r-oldrel-windows-x86_64