Last updated on 2024-05-04 09:49:27 CEST.
Flavor | Version | Tinstall | Tcheck | Ttotal | Status | Flags |
---|---|---|---|---|---|---|
r-devel-linux-x86_64-debian-clang | 0.2.3 | 5.89 | 126.26 | 132.15 | NOTE | |
r-devel-linux-x86_64-debian-gcc | 0.2.3 | 3.85 | 88.68 | 92.53 | NOTE | |
r-devel-linux-x86_64-fedora-clang | 0.2.3 | 158.26 | NOTE | |||
r-devel-linux-x86_64-fedora-gcc | 0.2.3 | 155.13 | NOTE | |||
r-devel-windows-x86_64 | 0.2.3 | 6.00 | 116.00 | 122.00 | NOTE | |
r-patched-linux-x86_64 | 0.2.3 | 4.81 | 119.92 | 124.73 | NOTE | |
r-release-linux-x86_64 | 0.2.3 | 3.19 | 117.25 | 120.44 | NOTE | |
r-release-macos-arm64 | 0.2.3 | 55.00 | NOTE | |||
r-release-windows-x86_64 | 0.2.3 | 6.00 | 116.00 | 122.00 | NOTE | |
r-oldrel-macos-arm64 | 0.2.3 | 54.00 | NOTE | |||
r-oldrel-macos-x86_64 | 0.2.3 | 88.00 | NOTE | |||
r-oldrel-windows-x86_64 | 0.2.3 | 7.00 | 122.00 | 129.00 | NOTE |
Version: 0.2.3
Check: LazyData
Result: NOTE
'LazyData' is specified without a 'data' directory
Flavors: r-devel-linux-x86_64-debian-clang, r-devel-linux-x86_64-debian-gcc, r-devel-linux-x86_64-fedora-clang, r-devel-linux-x86_64-fedora-gcc, r-devel-windows-x86_64, r-patched-linux-x86_64, r-release-linux-x86_64, r-release-macos-arm64, r-release-windows-x86_64, r-oldrel-macos-arm64, r-oldrel-macos-x86_64, r-oldrel-windows-x86_64