Last updated on 2024-05-06 01:48:14 CEST.
Flavor | Version | Tinstall | Tcheck | Ttotal | Status | Flags |
---|---|---|---|---|---|---|
r-devel-linux-x86_64-debian-clang | 3.0 | 11.93 | 108.09 | 120.02 | NOTE | |
r-devel-linux-x86_64-debian-gcc | 3.0 | 10.03 | 77.94 | 87.97 | NOTE | |
r-devel-linux-x86_64-fedora-clang | 3.0 | 145.82 | NOTE | |||
r-devel-linux-x86_64-fedora-gcc | 3.0 | 143.56 | NOTE | |||
r-devel-windows-x86_64 | 3.0 | 11.00 | 97.00 | 108.00 | NOTE | |
r-patched-linux-x86_64 | 3.0 | 13.31 | 101.47 | 114.78 | NOTE | |
r-release-linux-x86_64 | 3.0 | 10.43 | 101.06 | 111.49 | NOTE | |
r-release-macos-arm64 | 3.0 | 39.00 | NOTE | |||
r-release-windows-x86_64 | 3.0 | 12.00 | 99.00 | 111.00 | NOTE | |
r-oldrel-macos-arm64 | 3.0 | 46.00 | NOTE | |||
r-oldrel-macos-x86_64 | 3.0 | 72.00 | NOTE | |||
r-oldrel-windows-x86_64 | 3.0 | 15.00 | 114.00 | 129.00 | NOTE |
Version: 3.0
Check: LazyData
Result: NOTE
'LazyData' is specified without a 'data' directory
Flavors: r-devel-linux-x86_64-debian-clang, r-devel-linux-x86_64-debian-gcc, r-devel-linux-x86_64-fedora-clang, r-devel-linux-x86_64-fedora-gcc, r-devel-windows-x86_64, r-patched-linux-x86_64, r-release-linux-x86_64, r-release-macos-arm64, r-release-windows-x86_64, r-oldrel-macos-arm64, r-oldrel-macos-x86_64, r-oldrel-windows-x86_64