Last updated on 2024-05-04 09:49:27 CEST.
Flavor | Version | Tinstall | Tcheck | Ttotal | Status | Flags |
---|---|---|---|---|---|---|
r-devel-linux-x86_64-debian-clang | 0.35 | 8.90 | 72.33 | 81.23 | NOTE | |
r-devel-linux-x86_64-debian-gcc | 0.35 | 6.51 | 52.06 | 58.57 | NOTE | |
r-devel-linux-x86_64-fedora-clang | 0.35 | 100.93 | NOTE | |||
r-devel-linux-x86_64-fedora-gcc | 0.35 | 99.43 | NOTE | |||
r-devel-windows-x86_64 | 0.35 | 10.00 | 83.00 | 93.00 | NOTE | |
r-patched-linux-x86_64 | 0.35 | 7.60 | 69.82 | 77.42 | OK | |
r-release-linux-x86_64 | 0.35 | 8.23 | 67.75 | 75.98 | OK | |
r-release-macos-arm64 | 0.35 | 29.00 | OK | |||
r-release-macos-x86_64 | 0.35 | 103.00 | OK | |||
r-release-windows-x86_64 | 0.35 | 11.00 | 81.00 | 92.00 | OK | |
r-oldrel-macos-arm64 | 0.35 | 50.00 | OK | |||
r-oldrel-macos-x86_64 | 0.35 | 107.00 | OK | |||
r-oldrel-windows-x86_64 | 0.35 | 12.00 | 94.00 | 106.00 | OK |
Version: 0.35
Check: compiled code
Result: NOTE
File ‘admisc/libs/admisc.so’:
Found non-API call to R: ‘SET_ENVFLAGS’
Compiled code should not call non-API entry points in R.
See ‘Writing portable packages’ in the ‘Writing R Extensions’ manual.
Flavors: r-devel-linux-x86_64-debian-clang, r-devel-linux-x86_64-debian-gcc, r-devel-linux-x86_64-fedora-clang, r-devel-linux-x86_64-fedora-gcc
Version: 0.35
Check: compiled code
Result: NOTE
File 'admisc/libs/x64/admisc.dll':
Found non-API call to R: 'SET_ENVFLAGS'
Compiled code should not call non-API entry points in R.
See 'Writing portable packages' in the 'Writing R Extensions' manual.
Flavor: r-devel-windows-x86_64