Last updated on 2024-05-04 13:48:59 CEST.
Flavor | Version | Tinstall | Tcheck | Ttotal | Status | Flags |
---|---|---|---|---|---|---|
r-devel-linux-x86_64-debian-clang | 0.4.0 | 10.19 | 80.83 | 91.02 | OK | |
r-devel-linux-x86_64-debian-gcc | 0.4.0 | 8.89 | 60.63 | 69.52 | OK | |
r-devel-linux-x86_64-fedora-clang | 0.4.0 | 117.37 | NOTE | |||
r-devel-linux-x86_64-fedora-gcc | 0.4.0 | 127.35 | OK | |||
r-devel-windows-x86_64 | 0.4.0 | 12.00 | 89.00 | 101.00 | OK | |
r-patched-linux-x86_64 | 0.4.0 | 10.56 | 78.14 | 88.70 | OK | |
r-release-linux-x86_64 | 0.4.0 | 8.86 | 75.69 | 84.55 | OK | |
r-release-macos-arm64 | 0.4.0 | 43.00 | OK | |||
r-release-windows-x86_64 | 0.4.0 | 11.00 | 90.00 | 101.00 | OK | |
r-oldrel-macos-arm64 | 0.4.0 | 43.00 | OK | |||
r-oldrel-macos-x86_64 | 0.4.0 | 102.00 | OK | |||
r-oldrel-windows-x86_64 | 0.4.0 | 13.00 | 99.00 | 112.00 | OK |
Version: 0.4.0
Check: Rd cross-references
Result: NOTE
Undeclared package ‘tibble’ in Rd xrefs
Flavor: r-devel-linux-x86_64-fedora-clang