Last updated on 2024-05-04 13:48:59 CEST.
Flavor | Version | Tinstall | Tcheck | Ttotal | Status | Flags |
---|---|---|---|---|---|---|
r-devel-linux-x86_64-debian-clang | 2.1 | 8.44 | 85.14 | 93.58 | NOTE | |
r-devel-linux-x86_64-debian-gcc | 2.1 | 8.06 | 64.49 | 72.55 | NOTE | |
r-devel-linux-x86_64-fedora-clang | 2.1 | 121.86 | NOTE | |||
r-devel-linux-x86_64-fedora-gcc | 2.1 | 127.22 | NOTE | |||
r-devel-windows-x86_64 | 2.1 | 9.00 | 82.00 | 91.00 | NOTE | |
r-patched-linux-x86_64 | 2.1 | 10.57 | 82.94 | 93.51 | NOTE | |
r-release-linux-x86_64 | 2.1 | 6.53 | 82.58 | 89.11 | NOTE | |
r-release-macos-arm64 | 2.1 | 37.00 | NOTE | |||
r-release-windows-x86_64 | 2.1 | 9.00 | 82.00 | 91.00 | NOTE | |
r-oldrel-macos-arm64 | 2.1 | 38.00 | OK | |||
r-oldrel-macos-x86_64 | 2.1 | 66.00 | OK | |||
r-oldrel-windows-x86_64 | 2.1 | 12.00 | 98.00 | 110.00 | OK |
Version: 2.1
Check: Rd files
Result: NOTE
checkRd: (-1) gini.w.Rd:20: Lost braces; missing escapes or markup?
20 | where \eqn{x_i,x_j} are incomes of individuals \eqn{i} and {j}, respectively, \eqn{n} is the number of individuals, \eqn{\mu_w} is the mean income. The Gini coefficient ranges between 1 (perfect equality) and 1 (perfect inequality).
| ^
Flavors: r-devel-linux-x86_64-debian-clang, r-devel-linux-x86_64-debian-gcc, r-devel-linux-x86_64-fedora-clang, r-devel-linux-x86_64-fedora-gcc, r-devel-windows-x86_64, r-patched-linux-x86_64, r-release-linux-x86_64, r-release-macos-arm64, r-release-windows-x86_64