Last updated on 2024-05-04 09:49:28 CEST.
Flavor | Version | Tinstall | Tcheck | Ttotal | Status | Flags |
---|---|---|---|---|---|---|
r-devel-linux-x86_64-debian-clang | 0.3.1 | 6.26 | 162.27 | 168.53 | NOTE | |
r-devel-linux-x86_64-debian-gcc | 0.3.1 | 4.98 | 106.86 | 111.84 | NOTE | |
r-devel-linux-x86_64-fedora-clang | 0.3.1 | 196.28 | NOTE | |||
r-devel-linux-x86_64-fedora-gcc | 0.3.1 | 208.01 | NOTE | |||
r-devel-windows-x86_64 | 0.3.1 | 7.00 | 113.00 | 120.00 | NOTE | |
r-patched-linux-x86_64 | 0.3.1 | 6.15 | 147.38 | 153.53 | NOTE | |
r-release-linux-x86_64 | 0.3.1 | 6.23 | 142.37 | 148.60 | NOTE | |
r-release-macos-arm64 | 0.3.1 | 53.00 | NOTE | |||
r-release-windows-x86_64 | 0.3.1 | 7.00 | 116.00 | 123.00 | NOTE | |
r-oldrel-macos-arm64 | 0.3.1 | 55.00 | NOTE | |||
r-oldrel-macos-x86_64 | 0.3.1 | 98.00 | NOTE | |||
r-oldrel-windows-x86_64 | 0.3.1 | 8.00 | 135.00 | 143.00 | NOTE |
Version: 0.3.1
Check: LazyData
Result: NOTE
'LazyData' is specified without a 'data' directory
Flavors: r-devel-linux-x86_64-debian-clang, r-devel-linux-x86_64-debian-gcc, r-devel-linux-x86_64-fedora-clang, r-devel-linux-x86_64-fedora-gcc, r-devel-windows-x86_64, r-patched-linux-x86_64, r-release-linux-x86_64, r-release-macos-arm64, r-release-windows-x86_64, r-oldrel-macos-arm64, r-oldrel-macos-x86_64, r-oldrel-windows-x86_64