Last updated on 2024-05-04 09:49:28 CEST.
Flavor | Version | Tinstall | Tcheck | Ttotal | Status | Flags |
---|---|---|---|---|---|---|
r-devel-linux-x86_64-debian-clang | 0.4.1 | 7.12 | 65.87 | 72.99 | OK | |
r-devel-linux-x86_64-debian-gcc | 0.4.1 | 4.64 | 47.19 | 51.83 | OK | |
r-devel-linux-x86_64-fedora-clang | 0.4.1 | 90.13 | NOTE | |||
r-devel-linux-x86_64-fedora-gcc | 0.4.1 | 164.38 | NOTE | |||
r-devel-windows-x86_64 | 0.4.1 | 6.00 | 66.00 | 72.00 | OK | |
r-patched-linux-x86_64 | 0.4.1 | 4.61 | 60.80 | 65.41 | OK | |
r-release-linux-x86_64 | 0.4.1 | 4.67 | 62.02 | 66.69 | OK | |
r-release-macos-arm64 | 0.4.1 | 45.00 | OK | |||
r-release-windows-x86_64 | 0.4.1 | 7.00 | 65.00 | 72.00 | OK | |
r-oldrel-macos-arm64 | 0.4.1 | 48.00 | OK | |||
r-oldrel-macos-x86_64 | 0.4.1 | 87.00 | OK | |||
r-oldrel-windows-x86_64 | 0.4.1 | 8.00 | 74.00 | 82.00 | OK |
Version: 0.4.1
Check: dependencies in R code
Result: NOTE
Namespaces in Imports field not imported from:
‘knitr’ ‘randomNames’ ‘tidyr’
All declared Imports should be used.
Flavors: r-devel-linux-x86_64-fedora-clang, r-devel-linux-x86_64-fedora-gcc