Last updated on 2024-05-04 13:48:59 CEST.
Flavor | Version | Tinstall | Tcheck | Ttotal | Status | Flags |
---|---|---|---|---|---|---|
r-devel-linux-x86_64-debian-clang | 1.2.1 | 4.97 | 37.11 | 42.08 | NOTE | |
r-devel-linux-x86_64-debian-gcc | 1.2.1 | 3.91 | 27.82 | 31.73 | NOTE | |
r-devel-linux-x86_64-fedora-clang | 1.2.1 | 52.33 | NOTE | |||
r-devel-linux-x86_64-fedora-gcc | 1.2.1 | 53.75 | NOTE | |||
r-devel-windows-x86_64 | 1.2.1 | 7.00 | 56.00 | 63.00 | OK | |
r-patched-linux-x86_64 | 1.2.1 | 5.28 | 35.34 | 40.62 | NOTE | |
r-release-linux-x86_64 | 1.2.1 | 4.67 | 35.63 | 40.30 | NOTE | |
r-release-macos-arm64 | 1.2.1 | 22.00 | OK | |||
r-release-windows-x86_64 | 1.2.1 | 7.00 | 56.00 | 63.00 | OK | |
r-oldrel-macos-arm64 | 1.2.1 | 23.00 | OK | |||
r-oldrel-macos-x86_64 | 1.2.1 | 29.00 | OK | |||
r-oldrel-windows-x86_64 | 1.2.1 | 7.00 | 60.00 | 67.00 | OK |
Version: 1.2.1
Check: for non-standard things in the check directory
Result: NOTE
Found the following files/directories:
‘stuve.pdf’
Flavors: r-devel-linux-x86_64-debian-clang, r-devel-linux-x86_64-debian-gcc, r-devel-linux-x86_64-fedora-clang, r-devel-linux-x86_64-fedora-gcc, r-patched-linux-x86_64, r-release-linux-x86_64