Last updated on 2024-05-04 09:49:28 CEST.
Flavor | Version | Tinstall | Tcheck | Ttotal | Status | Flags |
---|---|---|---|---|---|---|
r-devel-linux-x86_64-debian-clang | 0.1.2 | 0.66 | 2.16 | 2.82 | ERROR | |
r-devel-linux-x86_64-debian-gcc | 0.1.2 | 18.94 | 151.95 | 170.89 | NOTE | |
r-devel-linux-x86_64-fedora-clang | 0.1.2 | 310.55 | NOTE | |||
r-devel-linux-x86_64-fedora-gcc | 0.1.2 | 270.57 | NOTE | |||
r-devel-windows-x86_64 | 0.1.2 | 20.00 | 141.00 | 161.00 | NOTE | |
r-patched-linux-x86_64 | 0.1.2 | 13.27 | 194.65 | 207.92 | NOTE | |
r-release-linux-x86_64 | 0.1.2 | 15.10 | 196.70 | 211.80 | NOTE | |
r-release-macos-arm64 | 0.1.2 | 74.00 | NOTE | |||
r-release-macos-x86_64 | 0.1.2 | 147.00 | NOTE | |||
r-release-windows-x86_64 | 0.1.2 | 21.00 | 138.00 | 159.00 | NOTE | |
r-oldrel-macos-arm64 | 0.1.2 | 78.00 | NOTE | |||
r-oldrel-macos-x86_64 | 0.1.2 | 129.00 | NOTE | |||
r-oldrel-windows-x86_64 | 0.1.2 | 25.00 | 175.00 | 200.00 | NOTE |
Version: 0.1.2
Check: package dependencies
Result: ERROR
Packages required but not available: 'org.Hs.eg.db', 'AnnotationDbi'
See section ‘The DESCRIPTION file’ in the ‘Writing R Extensions’
manual.
Flavor: r-devel-linux-x86_64-debian-clang
Version: 0.1.2
Check: LazyData
Result: NOTE
'LazyData' is specified without a 'data' directory
Flavors: r-devel-linux-x86_64-debian-gcc, r-devel-linux-x86_64-fedora-clang, r-devel-linux-x86_64-fedora-gcc, r-devel-windows-x86_64, r-patched-linux-x86_64, r-release-linux-x86_64, r-release-macos-arm64, r-release-macos-x86_64, r-release-windows-x86_64, r-oldrel-macos-arm64, r-oldrel-macos-x86_64, r-oldrel-windows-x86_64