Last updated on 2024-05-04 09:49:28 CEST.
Flavor | Version | Tinstall | Tcheck | Ttotal | Status | Flags |
---|---|---|---|---|---|---|
r-devel-linux-x86_64-debian-clang | 1.0.0 | 4.59 | 60.17 | 64.76 | OK | |
r-devel-linux-x86_64-debian-gcc | 1.0.0 | 3.99 | 44.88 | 48.87 | OK | |
r-devel-linux-x86_64-fedora-clang | 1.0.0 | 83.67 | NOTE | |||
r-devel-linux-x86_64-fedora-gcc | 1.0.0 | 92.84 | NOTE | |||
r-devel-windows-x86_64 | 1.0.0 | 7.00 | 99.00 | 106.00 | ERROR | |
r-patched-linux-x86_64 | 1.0.0 | 4.64 | 56.48 | 61.12 | OK | |
r-release-linux-x86_64 | 1.0.0 | 3.10 | 58.07 | 61.17 | OK | |
r-release-macos-arm64 | 1.0.0 | 61.00 | OK | |||
r-release-windows-x86_64 | 1.0.0 | 6.00 | 78.00 | 84.00 | ERROR | |
r-oldrel-macos-arm64 | 1.0.0 | 61.00 | OK | |||
r-oldrel-macos-x86_64 | 1.0.0 | 66.00 | OK | |||
r-oldrel-windows-x86_64 | 1.0.0 | 7.00 | 96.00 | 103.00 | OK |
Version: 1.0.0
Check: data for non-ASCII characters
Result: NOTE
Note: found 7 marked UTF-8 strings
Flavors: r-devel-linux-x86_64-fedora-clang, r-devel-linux-x86_64-fedora-gcc
Version: 1.0.0
Check: re-building of vignette outputs
Result: ERROR
Error(s) in re-building vignettes:
--- re-building 'data_import.Rmd' using rmarkdown
Quitting from lines at lines 167-170 [unnamed-chunk-6] (data_import.Rmd)
Error: processing vignette 'data_import.Rmd' failed with diagnostics:
cannot open the connection to 'https://amfcdn.lbl.gov//api/v1/fp_var?limits=True'
--- failed re-building 'data_import.Rmd'
--- re-building 'site_selection.Rmd' using rmarkdown
Quitting from lines at lines 47-53 [unnamed-chunk-2] (site_selection.Rmd)
Error: processing vignette 'site_selection.Rmd' failed with diagnostics:
cannot open the connection to 'https://amfcdn.lbl.gov//api/v1/site_display/AmeriFlux'
--- failed re-building 'site_selection.Rmd'
SUMMARY: processing the following files failed:
'data_import.Rmd' 'site_selection.Rmd'
Error: Vignette re-building failed.
Execution halted
Flavor: r-devel-windows-x86_64
Version: 1.0.0
Check: re-building of vignette outputs
Result: ERROR
Error(s) in re-building vignettes:
--- re-building 'data_import.Rmd' using rmarkdown
trying URL 'ftp://ftp.fluxdata.org/.ameriflux_downloads/measurement_height//BASE_MeasurementHeight_20240410.csv'
Content type 'unknown' length 1445152 bytes (1.4 MB)
==================================================
--- finished re-building 'data_import.Rmd'
--- re-building 'site_selection.Rmd' using rmarkdown
Quitting from lines at lines 133-136 [unnamed-chunk-6] (site_selection.Rmd)
Error: processing vignette 'site_selection.Rmd' failed with diagnostics:
cannot open the connection to 'https://raw.githubusercontent.com/chuhousen/amerifluxr/master/data-summary/AMF_AA-Net_BIF_LEGACY_VARIABLE-GROUP-AVAILABILITY_LATEST.csv'
--- failed re-building 'site_selection.Rmd'
SUMMARY: processing the following file failed:
'site_selection.Rmd'
Error: Vignette re-building failed.
Execution halted
Flavor: r-release-windows-x86_64