Last updated on 2024-05-04 09:49:28 CEST.
Flavor | Version | Tinstall | Tcheck | Ttotal | Status | Flags |
---|---|---|---|---|---|---|
r-devel-linux-x86_64-debian-clang | 0.3.0 | 56.48 | 47.44 | 103.92 | NOTE | |
r-devel-linux-x86_64-debian-gcc | 0.3.0 | 36.70 | 35.87 | 72.57 | NOTE | |
r-devel-linux-x86_64-fedora-clang | 0.3.0 | 146.87 | NOTE | |||
r-devel-linux-x86_64-fedora-gcc | 0.3.0 | 150.90 | NOTE | |||
r-devel-windows-x86_64 | 0.3.0 | 39.00 | 106.00 | 145.00 | NOTE | |
r-patched-linux-x86_64 | 0.3.0 | 51.64 | 45.65 | 97.29 | NOTE | |
r-release-linux-x86_64 | 0.3.0 | 51.15 | 45.43 | 96.58 | NOTE | |
r-release-macos-arm64 | 0.3.0 | 48.00 | NOTE | |||
r-release-windows-x86_64 | 0.3.0 | 41.00 | 101.00 | 142.00 | NOTE | |
r-oldrel-macos-arm64 | 0.3.0 | 56.00 | NOTE | |||
r-oldrel-macos-x86_64 | 0.3.0 | 80.00 | NOTE | |||
r-oldrel-windows-x86_64 | 0.3.0 | 37.00 | 117.00 | 154.00 | NOTE |
Version: 0.3.0
Check: C++ specification
Result: NOTE
Specified C++11: please drop specification unless essential
Flavors: r-devel-linux-x86_64-debian-clang, r-devel-linux-x86_64-debian-gcc, r-devel-linux-x86_64-fedora-clang, r-devel-linux-x86_64-fedora-gcc, r-devel-windows-x86_64, r-patched-linux-x86_64, r-release-linux-x86_64, r-release-macos-arm64, r-release-windows-x86_64, r-oldrel-macos-arm64, r-oldrel-macos-x86_64, r-oldrel-windows-x86_64
Version: 0.3.0
Check: installed package size
Result: NOTE
installed size is 5.1Mb
sub-directories of 1Mb or more:
libs 4.5Mb
Flavor: r-oldrel-macos-x86_64