Last updated on 2024-05-04 09:49:28 CEST.
Flavor | Version | Tinstall | Tcheck | Ttotal | Status | Flags |
---|---|---|---|---|---|---|
r-devel-linux-x86_64-debian-clang | 0.0.5 | 11.57 | 100.89 | 112.46 | OK | |
r-devel-linux-x86_64-debian-gcc | 0.0.5 | 10.01 | 74.32 | 84.33 | OK | |
r-devel-linux-x86_64-fedora-clang | 0.0.5 | 141.64 | NOTE | |||
r-devel-linux-x86_64-fedora-gcc | 0.0.5 | 136.26 | OK | |||
r-devel-windows-x86_64 | 0.0.5 | 13.00 | 128.00 | 141.00 | OK | |
r-patched-linux-x86_64 | 0.0.5 | 13.06 | 96.90 | 109.96 | OK | |
r-release-linux-x86_64 | 0.0.5 | 12.25 | 94.06 | 106.31 | OK | |
r-release-macos-arm64 | 0.0.5 | 41.00 | OK | |||
r-release-macos-x86_64 | 0.0.5 | 99.00 | OK | |||
r-release-windows-x86_64 | 0.0.5 | 11.00 | 80.00 | 91.00 | OK | |
r-oldrel-macos-arm64 | 0.0.5 | 47.00 | OK | |||
r-oldrel-macos-x86_64 | 0.0.5 | 97.00 | OK | |||
r-oldrel-windows-x86_64 | 0.0.5 | 16.00 | 102.00 | 118.00 | OK |
Version: 0.0.5
Check: Rd cross-references
Result: NOTE
Undeclared package ‘lme4’ in Rd xrefs
Flavor: r-devel-linux-x86_64-fedora-clang