Last updated on 2024-05-04 13:48:59 CEST.
Flavor | Version | Tinstall | Tcheck | Ttotal | Status | Flags |
---|---|---|---|---|---|---|
r-devel-linux-x86_64-debian-clang | 1.3.0 | 16.99 | 251.83 | 268.82 | NOTE | |
r-devel-linux-x86_64-debian-gcc | 1.3.0 | 12.87 | 180.73 | 193.60 | NOTE | |
r-devel-linux-x86_64-fedora-clang | 1.3.0 | 333.78 | NOTE | |||
r-devel-linux-x86_64-fedora-gcc | 1.3.0 | 338.86 | NOTE | |||
r-devel-windows-x86_64 | 1.3.0 | 12.00 | 160.00 | 172.00 | NOTE | |
r-patched-linux-x86_64 | 1.3.0 | 17.30 | 243.58 | 260.88 | NOTE | |
r-release-linux-x86_64 | 1.3.0 | 14.26 | 247.81 | 262.07 | NOTE | |
r-release-macos-arm64 | 1.3.0 | 142.00 | NOTE | |||
r-release-windows-x86_64 | 1.3.0 | 12.00 | 153.00 | 165.00 | NOTE | |
r-oldrel-macos-arm64 | 1.3.0 | 86.00 | OK | |||
r-oldrel-macos-x86_64 | 1.3.0 | 173.00 | OK | |||
r-oldrel-windows-x86_64 | 1.3.0 | 17.00 | 202.00 | 219.00 | OK |
Version: 1.3.0
Check: Rd files
Result: NOTE
checkRd: (-1) find_closer_points.Rd:41: Lost braces
41 | \item rows_closer_matrix, a matrix with ]code{npoints} rows which are closer to each archetype
| ^
Flavors: r-devel-linux-x86_64-debian-clang, r-devel-linux-x86_64-debian-gcc, r-devel-linux-x86_64-fedora-clang, r-devel-linux-x86_64-fedora-gcc, r-devel-windows-x86_64, r-patched-linux-x86_64, r-release-linux-x86_64, r-release-macos-arm64, r-release-windows-x86_64