Last updated on 2024-05-04 13:49:00 CEST.
Flavor | Version | Tinstall | Tcheck | Ttotal | Status | Flags |
---|---|---|---|---|---|---|
r-devel-linux-x86_64-debian-clang | 0.0.1 | 3.85 | 103.78 | 107.63 | OK | |
r-devel-linux-x86_64-debian-gcc | 0.0.1 | 3.48 | 84.14 | 87.62 | OK | |
r-devel-linux-x86_64-fedora-clang | 0.0.1 | 139.38 | NOTE | |||
r-devel-linux-x86_64-fedora-gcc | 0.0.1 | 142.57 | NOTE | |||
r-devel-windows-x86_64 | 0.0.1 | 5.00 | 90.00 | 95.00 | OK | |
r-patched-linux-x86_64 | 0.0.1 | 4.01 | 109.24 | 113.25 | OK | |
r-release-linux-x86_64 | 0.0.1 | 3.90 | 105.04 | 108.94 | OK | |
r-release-macos-arm64 | 0.0.1 | 39.00 | OK | |||
r-release-windows-x86_64 | 0.0.1 | 4.00 | 90.00 | 94.00 | OK | |
r-oldrel-macos-arm64 | 0.0.1 | 42.00 | OK | |||
r-oldrel-macos-x86_64 | 0.0.1 | 72.00 | OK | |||
r-oldrel-windows-x86_64 | 0.0.1 | 6.00 | 105.00 | 111.00 | OK |
Version: 0.0.1
Check: dependencies in R code
Result: NOTE
Namespace in Imports field not imported from: ‘purrr’
All declared Imports should be used.
Flavors: r-devel-linux-x86_64-fedora-clang, r-devel-linux-x86_64-fedora-gcc