Last updated on 2024-05-04 09:49:28 CEST.
Flavor | Version | Tinstall | Tcheck | Ttotal | Status | Flags |
---|---|---|---|---|---|---|
r-devel-linux-x86_64-debian-clang | 0.9.11 | 4.49 | 100.92 | 105.41 | NOTE | |
r-devel-linux-x86_64-debian-gcc | 0.9.11 | 3.04 | 72.13 | 75.17 | NOTE | |
r-devel-linux-x86_64-fedora-clang | 0.9.11 | 128.88 | NOTE | |||
r-devel-linux-x86_64-fedora-gcc | 0.9.11 | 122.47 | NOTE | |||
r-devel-windows-x86_64 | 0.9.11 | 5.00 | 91.00 | 96.00 | NOTE | |
r-patched-linux-x86_64 | 0.9.11 | 0.32 | 2.35 | 2.67 | ERROR | |
r-release-linux-x86_64 | 0.9.11 | 0.37 | 2.21 | 2.58 | ERROR | |
r-release-macos-arm64 | 0.9.11 | 41.00 | NOTE | |||
r-release-windows-x86_64 | 0.9.11 | 5.00 | 87.00 | 92.00 | NOTE | |
r-oldrel-macos-arm64 | 0.9.11 | 38.00 | NOTE | |||
r-oldrel-macos-x86_64 | 0.9.11 | 63.00 | NOTE | |||
r-oldrel-windows-x86_64 | 0.9.11 | 6.00 | 105.00 | 111.00 | NOTE |
Version: 0.9.11
Check: LazyData
Result: NOTE
'LazyData' is specified without a 'data' directory
Flavors: r-devel-linux-x86_64-debian-clang, r-devel-linux-x86_64-debian-gcc, r-devel-linux-x86_64-fedora-clang, r-devel-linux-x86_64-fedora-gcc, r-devel-windows-x86_64, r-release-macos-arm64, r-release-windows-x86_64, r-oldrel-macos-arm64, r-oldrel-macos-x86_64, r-oldrel-windows-x86_64
Version: 0.9.11
Check: dependencies in R code
Result: NOTE
Namespaces in Imports field not imported from:
‘plotly’ ‘shinycssloaders’
All declared Imports should be used.
Flavors: r-devel-linux-x86_64-fedora-clang, r-devel-linux-x86_64-fedora-gcc
Version: 0.9.11
Check: package dependencies
Result: ERROR
Package required but not available: ‘prophet’
See section ‘The DESCRIPTION file’ in the ‘Writing R Extensions’
manual.
Flavors: r-patched-linux-x86_64, r-release-linux-x86_64