Last updated on 2024-05-04 09:49:29 CEST.
Flavor | Version | Tinstall | Tcheck | Ttotal | Status | Flags |
---|---|---|---|---|---|---|
r-devel-linux-x86_64-debian-clang | 1.0.5 | 20.60 | 188.56 | 209.16 | NOTE | |
r-devel-linux-x86_64-debian-gcc | 1.0.5 | 15.38 | 134.87 | 150.25 | NOTE | |
r-devel-linux-x86_64-fedora-clang | 1.0.5 | 247.30 | NOTE | |||
r-devel-linux-x86_64-fedora-gcc | 1.0.5 | 250.55 | NOTE | |||
r-devel-windows-x86_64 | 1.0.5 | 29.00 | 271.00 | 300.00 | NOTE | |
r-patched-linux-x86_64 | 1.0.5 | 30.07 | 180.00 | 210.07 | NOTE | |
r-release-linux-x86_64 | 1.0.5 | 17.26 | 176.99 | 194.25 | NOTE | |
r-release-macos-arm64 | 1.0.5 | 95.00 | NOTE | |||
r-release-windows-x86_64 | 1.0.5 | 27.00 | 263.00 | 290.00 | NOTE | |
r-oldrel-macos-arm64 | 1.0.5 | 73.00 | NOTE | |||
r-oldrel-macos-x86_64 | 1.0.5 | 95.00 | NOTE | |||
r-oldrel-windows-x86_64 | 1.0.5 | 30.00 | 304.00 | 334.00 | NOTE |
Version: 1.0.5
Check: Rd files
Result: NOTE
checkRd: (-1) ec2_create_security_group.Rd:66: Escaped LaTeX specials: \#
checkRd: (-1) ec2_create_security_group.Rd:66: Escaped LaTeX specials: \$
checkRd: (-1) ec2_create_security_group.Rd:79: Escaped LaTeX specials: \#
checkRd: (-1) ec2_create_security_group.Rd:79: Escaped LaTeX specials: \$
Flavors: r-devel-linux-x86_64-debian-clang, r-devel-linux-x86_64-debian-gcc, r-devel-linux-x86_64-fedora-clang, r-devel-linux-x86_64-fedora-gcc, r-devel-windows-x86_64, r-patched-linux-x86_64, r-release-linux-x86_64, r-release-macos-arm64, r-release-windows-x86_64, r-oldrel-macos-arm64, r-oldrel-macos-x86_64, r-oldrel-windows-x86_64