Last updated on 2024-05-06 01:48:15 CEST.
Flavor | Version | Tinstall | Tcheck | Ttotal | Status | Flags |
---|---|---|---|---|---|---|
r-devel-linux-x86_64-debian-clang | 0.1.4.3 | 8.93 | 162.00 | 170.93 | OK | |
r-devel-linux-x86_64-debian-gcc | 0.1.4.3 | 5.97 | 114.36 | 120.33 | OK | |
r-devel-linux-x86_64-fedora-clang | 0.1.4.3 | 217.12 | NOTE | |||
r-devel-linux-x86_64-fedora-gcc | 0.1.4.3 | 229.74 | OK | |||
r-devel-windows-x86_64 | 0.1.4.3 | 12.00 | 122.00 | 134.00 | OK | |
r-patched-linux-x86_64 | 0.1.4.3 | 7.76 | 150.15 | 157.91 | OK | |
r-release-linux-x86_64 | 0.1.4.3 | 7.14 | 150.26 | 157.40 | OK | |
r-release-macos-arm64 | 0.1.4.3 | 67.00 | OK | |||
r-release-windows-x86_64 | 0.1.4.3 | 11.00 | 125.00 | 136.00 | OK | |
r-oldrel-macos-arm64 | 0.1.4.3 | 68.00 | OK | |||
r-oldrel-macos-x86_64 | 0.1.4.3 | 108.00 | OK | |||
r-oldrel-windows-x86_64 | 0.1.4.3 | 15.00 | 164.00 | 179.00 | OK |
Version: 0.1.4.3
Check: Rd cross-references
Result: NOTE
Undeclared packages ‘InvariantCausalPrediction’, ‘CompareCausalNetworks’ in Rd xrefs
Flavor: r-devel-linux-x86_64-fedora-clang