Last updated on 2024-05-04 13:49:00 CEST.
Flavor | Version | Tinstall | Tcheck | Ttotal | Status | Flags |
---|---|---|---|---|---|---|
r-devel-linux-x86_64-debian-clang | 0.4.3 | 70.47 | 526.86 | 597.33 | NOTE | |
r-devel-linux-x86_64-debian-gcc | 0.4.3 | 61.30 | 372.94 | 434.24 | NOTE | |
r-devel-linux-x86_64-fedora-clang | 0.4.3 | 800.10 | NOTE | |||
r-devel-linux-x86_64-fedora-gcc | 0.4.3 | 767.08 | NOTE | |||
r-devel-windows-x86_64 | 0.4.3 | 64.00 | 444.00 | 508.00 | NOTE | |
r-patched-linux-x86_64 | 0.4.3 | 67.76 | 490.76 | 558.52 | NOTE | |
r-release-linux-x86_64 | 0.4.3 | 69.27 | 498.71 | 567.98 | NOTE | |
r-release-macos-arm64 | 0.4.3 | 225.00 | NOTE | |||
r-release-windows-x86_64 | 0.4.3 | 62.00 | 442.00 | 504.00 | NOTE | |
r-oldrel-macos-arm64 | 0.4.3 | 224.00 | NOTE | |||
r-oldrel-macos-x86_64 | 0.4.3 | 422.00 | NOTE | |||
r-oldrel-windows-x86_64 | 0.4.3 | 81.00 | 600.00 | 681.00 | NOTE |
Version: 0.4.3
Check: C++ specification
Result: NOTE
Specified C++11: please drop specification unless essential
Flavors: r-devel-linux-x86_64-debian-clang, r-devel-linux-x86_64-debian-gcc, r-devel-linux-x86_64-fedora-clang, r-devel-linux-x86_64-fedora-gcc, r-devel-windows-x86_64, r-patched-linux-x86_64, r-release-linux-x86_64, r-release-macos-arm64, r-release-windows-x86_64, r-oldrel-macos-arm64, r-oldrel-macos-x86_64, r-oldrel-windows-x86_64
Version: 0.4.3
Check: Rd files
Result: NOTE
checkRd: (-1) null_dispersion_field_distribution.Rd:34: Lost braces
34 | random values it uses the function code{\link[bamm]{permute_pam}}
| ^
Flavors: r-devel-linux-x86_64-debian-clang, r-devel-linux-x86_64-debian-gcc, r-devel-linux-x86_64-fedora-clang, r-devel-linux-x86_64-fedora-gcc, r-devel-windows-x86_64, r-patched-linux-x86_64, r-release-linux-x86_64, r-release-macos-arm64, r-release-windows-x86_64