Last updated on 2024-05-04 13:49:00 CEST.
Flavor | Version | Tinstall | Tcheck | Ttotal | Status | Flags |
---|---|---|---|---|---|---|
r-devel-linux-x86_64-debian-clang | 1.1 | 0.67 | 2.22 | 2.89 | ERROR | |
r-devel-linux-x86_64-debian-gcc | 1.1 | 27.72 | 241.81 | 269.53 | OK | |
r-devel-linux-x86_64-fedora-clang | 1.1 | 492.39 | OK | |||
r-devel-linux-x86_64-fedora-gcc | 1.1 | 442.21 | OK | |||
r-devel-windows-x86_64 | 1.1 | 31.00 | 244.00 | 275.00 | OK | |
r-patched-linux-x86_64 | 1.1 | 22.88 | 312.15 | 335.03 | OK | |
r-release-linux-x86_64 | 1.1 | 26.24 | 314.47 | 340.71 | OK | |
r-release-macos-arm64 | 1.1 | 122.00 | OK | |||
r-release-macos-x86_64 | 1.1 | 238.00 | OK | |||
r-release-windows-x86_64 | 1.1 | 32.00 | 243.00 | 275.00 | OK | |
r-oldrel-macos-arm64 | 1.1 | 139.00 | NOTE | |||
r-oldrel-macos-x86_64 | 1.1 | 250.00 | NOTE | |||
r-oldrel-windows-x86_64 | 1.1 | 42.00 | 330.00 | 372.00 | OK |
Version: 1.1
Check: package dependencies
Result: ERROR
Package required but not available: ‘sva’
Package suggested but not available for checking: ‘ArrayExpress’
See section ‘The DESCRIPTION file’ in the ‘Writing R Extensions’
manual.
Flavor: r-devel-linux-x86_64-debian-clang
Version: 1.1
Check: package dependencies
Result: NOTE
Package suggested but not available for checking: ‘ArrayExpress’
Flavors: r-oldrel-macos-arm64, r-oldrel-macos-x86_64