Last updated on 2024-05-04 13:49:00 CEST.
Flavor | Version | Tinstall | Tcheck | Ttotal | Status | Flags |
---|---|---|---|---|---|---|
r-devel-linux-x86_64-debian-clang | 1.2.1 | 5.79 | 28.67 | 34.46 | OK | |
r-devel-linux-x86_64-debian-gcc | 1.2.1 | 4.39 | 21.54 | 25.93 | OK | |
r-devel-linux-x86_64-fedora-clang | 1.2.1 | 39.89 | NOTE | |||
r-devel-linux-x86_64-fedora-gcc | 1.2.1 | 38.49 | OK | |||
r-devel-windows-x86_64 | 1.2.1 | 4.00 | 33.00 | 37.00 | NOTE | |
r-patched-linux-x86_64 | 1.2.1 | 4.19 | 26.47 | 30.66 | OK | |
r-release-linux-x86_64 | 1.2.1 | 3.14 | 27.54 | 30.68 | OK | |
r-release-macos-arm64 | 1.2.1 | 16.00 | NOTE | |||
r-release-windows-x86_64 | 1.2.1 | 4.00 | 32.00 | 36.00 | NOTE | |
r-oldrel-macos-arm64 | 1.2.1 | 19.00 | NOTE | |||
r-oldrel-macos-x86_64 | 1.2.1 | 24.00 | NOTE | |||
r-oldrel-windows-x86_64 | 1.2.1 | 5.00 | 38.00 | 43.00 | NOTE |
Version: 1.2.1
Check: installed package size
Result: NOTE
installed size is 9.4Mb
sub-directories of 1Mb or more:
java 9.4Mb
Flavors: r-devel-linux-x86_64-fedora-clang, r-devel-windows-x86_64, r-release-macos-arm64, r-release-windows-x86_64, r-oldrel-macos-arm64, r-oldrel-macos-x86_64, r-oldrel-windows-x86_64